000
CXUS54 KHGX 010820
CLMHOU

CLIMATE REPORT
NATIONAL WEATHER SERVICE HOUSTON/GALVESTON TX
308 AM CDT WED APR 1 2020

...................................

...THE HOUSTON/HOBBY AIRPORT CLIMATE SUMMARY FOR THE MONTH OF MARCH 2020...

CLIMATE NORMAL PERIOD 1981 TO 2010
CLIMATE RECORD PERIOD 1930 TO 2020

WEATHER         OBSERVED          NORMAL  DEPART  LAST YEAR`S
                 VALUE   DATE(S)  VALUE   FROM    VALUE  DATE(S)
                                          NORMAL
................................................................
TEMPERATURE (F)
RECORD
 HIGH              96   03/30/1946
 LOW               22   03/03/1943
HIGHEST            89   03/24        MM      MM       85  03/25
LOWEST             50   03/08        MM      MM       31  03/05
                        03/07
AVG. MAXIMUM     79.9              72.4     7.5     71.4
AVG. MINIMUM     64.3              54.3    10.0     55.0
MEAN             72.1              63.3     8.8     63.2
DAYS MAX >= 90      0               0.1    -0.1        0
DAYS MAX <= 32      0               0.0     0.0        0
DAYS MIN <= 32      0               0.3    -0.3        1
DAYS MIN <= 0       0               0.0     0.0        0

PRECIPITATION (INCHES)
RECORD
 MAXIMUM         8.77   2007
 MINIMUM         0.54   2019
TOTALS           0.48R             3.20   -2.72     0.54
DAILY AVG.       0.02              0.10   -0.08     0.02
DAYS >= .01         8               8.0     0.0        4
DAYS >= .10         2               4.7    -2.7        2
DAYS >= .50         0               1.9    -1.9        0
DAYS >= 1.00        0               1.1    -1.1        0

SNOWFALL (INCHES)
RECORDS
 TOTAL             MM   MM
TOTALS            0.0               0.0     0.0      0.0
SINCE 7/1         0.0                 T     0.0        T
SNOWDEPTH AVG.      0                MM      MM        0
DAYS >= 1.0         0               0.0     0.0        0
GREATEST
 SNOW DEPTH         0   MM                             0  MM
 24 HR TOTAL      0.0   03/31 TO 03/31

DEGREE_DAYS
HEATING TOTAL      20               121    -101      131
 SINCE 7/1        840              1191    -351     1113
COOLING TOTAL     247                69     178       83
 SINCE 1/1        314               107     207      126
.................................................................

WIND (MPH)
AVERAGE WIND SPEED              10.8
RESULTANT WIND SPEED/DIRECTION   6/152
HIGHEST WIND SPEED/DIRECTION    29/330    DATE  03/04
HIGHEST GUST SPEED/DIRECTION    34/010    DATE  03/05

SKY COVER
AVERAGE SKY COVER           0.80

AVERAGE RH (PERCENT)     70

WEATHER CONDITIONS. NUMBER OF DAYS WITH
THUNDERSTORM              0     MIXED PRECIP                0
HEAVY RAIN                1     RAIN                        3
LIGHT RAIN               12     FREEZING RAIN               0
LT FREEZING RAIN          0     HAIL                        0
HEAVY SNOW                0     SNOW                        0
LIGHT SNOW                0     SLEET                       0
FOG                      13     FOG W/VIS <= 1/4 MILE       1
HAZE                      4

-  INDICATES NEGATIVE NUMBERS.
R  INDICATES RECORD WAS SET OR TIED.
MM INDICATES DATA IS MISSING.
T  INDICATES TRACE AMOUNT.

$$


USA.gov is the U.S. government's official web portal to all federal, state and local government web resources and services.
  • National Weather Service
  • WSO Pago Pago Weather Service Office
  • Pago Pago, AS
  • (684) 699-9130
  • Page Author: PPG Webmaster
  • Incorrect Region Format!
  • Web Master's E-mail:
  • Page last modified: Mar 10th, 2020 21:02 UTC