000
CXUS56 KPDT 010836
CLMHRI

CLIMATE REPORT
NATIONAL WEATHER SERVICE PENDLETON OREGON
132 AM PDT WED APR 01 2020

....................................

...THE HERMISTON OR CLIMATE SUMMARY FOR THE MONTH OF MARCH 2020...

CLIMATE NORMAL PERIOD 1981 TO 2010
CLIMATE RECORD PERIOD 1906 TO 2020

WEATHER         OBSERVED          NORMAL  DEPART        LAST YEAR`S
                 VALUE   DATE(S)  VALUE   FROM         VALUE DATE(S)
                                          NORMAL

................................................................

TEMPERATURE (F)
RECORD
 HIGH              84   3/31/1911
 LOW                0   3/ 5/2019
HIGHEST            67   3/10                               72   3/22
LOWEST             20   3/ 1                                0   3/ 5
AVG. MAXIMUM     57.6            57.5       0.1          49.4
AVG. MINUMUM     32.3            34.2      -1.9          26.1
MEAN             45.0            45.9      -0.9          37.8
DAYS MAX >= 90      0               0         0             0
DAYS MAX <= 32      0               6        -6             6
DAYS MIN <= 32     18              16         2            22
DAYS MIN <= 0       0               5        -5            22

PRECIPITATION (INCHES)
RECORD
 MAXIMUM          2.72   1957
 MINIMUM          0.02   1914
TOTALS            0.12            0.87     -0.75          0.20
DAILY AVG.        0.00            0.04     -0.04          0.01
DAYS >=  0.01        4               5        -1             5
DAYS >=  0.10        0               2        -2             0
DAYS >=  0.50        0               0         0             0
DAYS >=  1.00        0               0         0             0
GREATEST
 24 HR. TOTAL     0.09   3/13

DEGREE DAYS
HEATING TOTAL      615             593        22           836
 SINCE 7/1        4311            4460      -149          4753
COOLING TOTAL        0               0         0             0
 SINCE 1/1           0               0         0             0

.............................................................

WIND (MPH)
AVERAGE WIND SPEED                     8.4
RESULTANT WIND SPEED/DIRECTION         7/186
HIGHEST WIND SPEED/DIRECTION          33/250      DATE          03/11
HIGHEST GUST SPEED/DIRECTION          41/260      DATE          03/30


WEATHER CONDITIONS. NUMBER OF DAYS WITH
THUNDERSTORM               0    MIXED PRECIP                           0
HEAVY RAIN                 0    RAIN                                   1
LIGHT RAIN                 9    FREEZING RAIN                          0
LT FREEZING RAIN           0    HAIL                                   0
HEAVY SNOW                 0    SNOW                                   1
LIGHT SNOW                 3    SLEET                                  0
FOG                        9    FOG W/VIS <=1/4 MILE                   0
HAZE                       3

-  INDICATES NEGATIVE NUMBERS.
R  INDICATES RECORD WAS SET OR TIED.
MM INDICATES DATA IS MISSING.
T  INDICATES TRACE AMOUNT.

$$



USA.gov is the U.S. government's official web portal to all federal, state and local government web resources and services.
  • National Weather Service
  • WSO Pago Pago Weather Service Office
  • Pago Pago, AS
  • (684) 699-9130
  • Page Author: PPG Webmaster
  • Incorrect Region Format!
  • Web Master's E-mail:
  • Page last modified: Mar 10th, 2020 21:02 UTC