000
CXUS54 KLZK 020208
CLMHRO


CLIMATE REPORT
NATIONAL WEATHER SERVICE LITTLE ROCK AR
804 PM CST SUN MAR 1 2020

...................................

...THE HARRISON CLIMATE SUMMARY FOR THE MONTH OF FEBRUARY 2020...

CLIMATE NORMAL PERIOD 1981 TO 2010
CLIMATE RECORD PERIOD 1891 TO 2020

WEATHER         OBSERVED          NORMAL  DEPART  LAST YEAR`S
                 VALUE   DATE(S)  VALUE   FROM    VALUE  DATE(S)
                                          NORMAL
................................................................
TEMPERATURE (F)
RECORD
 HIGH              87   02/05/1927
 LOW              -24   02/12/1899
HIGHEST            81   02/02        50      31       75  02/04
LOWEST             11   02/14        30     -19       12  02/08
AVG. MAXIMUM     50.9              50.7     0.2     51.6
AVG. MINIMUM     31.3              30.3     1.0     31.3
MEAN             41.1              40.5     0.6     41.4
DAYS MAX >= 90      0               0.0     0.0        0
DAYS MAX <= 32      1               2.0    -1.0        2
DAYS MIN <= 32     16              16.3    -0.3       16
DAYS MIN <= 0       0               0.1    -0.1        0

PRECIPITATION (INCHES)
RECORD
 MAXIMUM        10.21   1945
 MINIMUM         0.41   1947
TOTALS           3.76              2.64    1.12     3.89
DAILY AVG.       0.13                MM      MM     0.14
DAYS >= .01        12               7.7     4.3       12
DAYS >= .10         5                                  6
DAYS >= .50         2                                  3
DAYS >= 1.00        1               0.5     0.5        1
GREATEST
 24 HR. TOTAL    1.72   02/04 TO 02/04

SNOWFALL (INCHES)
RECORDS
 TOTAL           25.0   1912
 24 HR TOTAL     14.3   02/15/1993 TO 02/15/1993
 SNOW DEPTH        14   02/16/1993
TOTALS            0.3               3.2    -2.9        T
 LIQUID EQUIV    0.03              0.30   -0.27        T
SINCE 7/1         0.8               9.2    -8.4      3.9
 LIQUID 7/1      0.08              0.80   -0.72     0.39
SNOWDEPTH AVG.      0
DAYS >= TRACE       3               4.0    -1.0        6
DAYS >= 1.0         0                                  0
GREATEST
 SNOW DEPTH         T   02/06
 24 HR TOTAL      0.3   02/06 TO 02/06

DEGREE_DAYS
HEATING TOTAL     690               686       4      654
 SINCE 7/1       2981              3193    -212     3148
COOLING TOTAL       2                 0       2        0
 SINCE 1/1          2                 0       2        0

FREEZE DATES
RECORD
 EARLIEST     09/13/1902
 LATEST       05/17/1912
EARLIEST                        10/29
LATEST                          04/04
.................................................................

WIND (MPH)
AVERAGE WIND SPEED              7.9
HIGHEST WIND SPEED/DIRECTION    25/160    DATE  02/09
HIGHEST GUST SPEED/DIRECTION    35/170    DATE  02/03

SKY COVER
POSSIBLE SUNSHINE (PERCENT)   MM
AVERAGE SKY COVER           0.50
NUMBER OF DAYS FAIR            9
NUMBER OF DAYS PC              8
NUMBER OF DAYS CLOUDY         12

AVERAGE RH (PERCENT)     64

-  INDICATES NEGATIVE NUMBERS.
R  INDICATES RECORD WAS SET OR TIED.
MM INDICATES DATA IS MISSING.
T  INDICATES TRACE AMOUNT.

&&

...Data for Harrison for February 2020...

.Summary...
Even though February was a little over half a degree above average,
it was still the coldest February in several years. The warmest
portion of the month was during the first few days, when
temperatures warmed into the lower 80s. Colder periods were
scattered throughout the remainder.

Rain fell during each week, and the month ended with a surplus of
over an inch.

Measurable snow fell for the first time in two years.

.Monthly Temperatures...
The average high temperature was the coldest since 2015. The average
low temperature was the coldest (or warmest) since 2019, as both
Februarys were equal. The average monthly temperature was the
coldest since 2015.

.Daily Temperatures...
Temperatures were above average on 13 days, below average on 15 days
and average on one day. There were 16 days with low temperatures at
or below freezing, which was exactly the same amount as last year,
and exactly at the 30-year average for the month. There was one day
with a high temperature at or above 80, which was the most since
2017.

.Daily Record Temperatures Tied or Broken During the Month...
Date  Record Type         New Record   Previous Record
 2nd  High Temperature    81 in 2020      77 in 1920

The high temperature of 81 on the 2nd most recently tied
February 13, 1962 for the 5th warmest temperature on record for
the month.

The daily average temperature of 67.0 on the 2nd moist recently
tied February 28, 1904 for the 6th warmest on record for the month.

.Monthly Rainfall...
Even with rainfall above average, it was the driest February in two
years (since 2018).

.Daily Rainfall Records Tied or Broken During the Month...
Date   New Record        Previous Record
 4th  1.72 in 2020         1.11 in 1960

.Monthly Snowfall...
For the first time in two years, measurable snow fell during the
month. However, it was nearly three inches below average.

.Daily Snowfall Records Tied or Broken During the Month...
None.

.Miscellaneous Phenomena...
None.

$$

57



USA.gov is the U.S. government's official web portal to all federal, state and local government web resources and services.
  • National Weather Service
  • WSO Pago Pago Weather Service Office
  • Pago Pago, AS
  • (684) 699-9130
  • Page Author: PPG Webmaster
  • Incorrect Region Format!
  • Web Master's E-mail:
  • Page last modified: Mar 10th, 2020 21:02 UTC