000
CXUS52 KMHX 021556
CLMHSE


CLIMATE REPORT
NATIONAL WEATHER SERVICE NEWPORT/MOREHEAD CITY NC
1039 AM EST MON MAR 2 2020

...................................

...THE CAPE HATTERAS NC CLIMATE SUMMARY FOR THE MONTH OF FEBRUARY 2020...

CLIMATE NORMAL PERIOD 1981 TO 2010
CLIMATE RECORD PERIOD 1874 TO 2020

WEATHER         OBSERVED          NORMAL  DEPART  LAST YEAR`S
                 VALUE   DATE(S)  VALUE   FROM    VALUE  DATE(S)
                                          NORMAL
................................................................
TEMPERATURE (F)
RECORD
 HIGH              76   02/28/2017
                        02/24/2017
                        02/22/1971
 LOW               11   02/08/1895
HIGHEST            72   02/13                         73
LOWEST             28   02/23                         26
AVG. MAXIMUM     60.3              53.5     6.8     65.5
AVG. MINIMUM     47.1              40.0     7.1     49.0
MEAN             53.7              46.8     6.9     57.2
DAYS MAX >= 90      0               0.0     0.0        0
DAYS MAX <= 32      0               0.1    -0.1        0
DAYS MIN <= 32      2               4.5    -2.5        1
DAYS MIN <= 0       0               0.0     0.0        0

PRECIPITATION (INCHES)
RECORD
 MAXIMUM         8.45   1983
 MINIMUM           MM   MM
TOTALS           7.68              4.02    3.66     6.67
DAYS >= .01        14              10.5     3.5       11
DAYS >= .10        10               6.6     3.4        8
DAYS >= .50         5               2.8     2.2        2
DAYS >= 1.00        1               1.2    -0.2        2

SNOWFALL (INCHES)
RECORDS
 TOTAL             MM   5
 SNOW DEPTH        MM   MM
TOTALS              T               0.1    -0.1      0.0
 LIQUID EQUIV      MM              0.00      MM     0.00
SINCE 7/1           T               1.7    -1.7      0.0
 LIQUID 7/1        MM              0.20      MM     0.00
SNOWDEPTH AVG.      0                MM      MM        0
DAYS >= TRACE       1               0.3     0.7        0
DAYS >= 1.0         0               0.0     0.0        0
GREATEST
 SNOW DEPTH         0   MM                             0  MM
 STORM TOTAL       MM
 (MM/DD(HH))            MM

DEGREE_DAYS
HEATING TOTAL     327               511    -184      214
 SINCE 7/1       1254              1941    -687     1364
.................................................................

WIND (MPH)
AVERAGE WIND SPEED              9.4
HIGHEST WIND SPEED/DIRECTION    41/240    DATE  02/07
HIGHEST GUST SPEED/DIRECTION    68/230    DATE  02/07

SKY COVER
POSSIBLE SUNSHINE (PERCENT)   MM
AVERAGE SKY COVER           0.40
NUMBER OF DAYS FAIR           12
NUMBER OF DAYS PC             10
NUMBER OF DAYS CLOUDY          7

AVERAGE RH (PERCENT)     73

WEATHER CONDITIONS. NUMBER OF DAYS WITH
THUNDERSTORM              1
SNOW                      1
FOG                       17
FOG W/VIS <= 1/4 MILE     0
SMOKE OR HAZE             9

-  INDICATES NEGATIVE NUMBERS.
R  INDICATES RECORD WAS SET OR TIED.
MM INDICATES DATA IS MISSING.
T  INDICATES TRACE AMOUNT.

$$



USA.gov is the U.S. government's official web portal to all federal, state and local government web resources and services.
  • National Weather Service
  • WSO Pago Pago Weather Service Office
  • Pago Pago, AS
  • (684) 699-9130
  • Page Author: PPG Webmaster
  • Incorrect Region Format!
  • Web Master's E-mail:
  • Page last modified: Mar 10th, 2020 21:02 UTC