000
CXUS53 KGID 011557
CLMHSI

CLIMATE REPORT
NATIONAL WEATHER SERVICE HASTINGS NE
1048 AM CDT WED APR 1 2020

...................................

...THE HASTINGS NE CLIMATE SUMMARY FOR THE MONTH OF MARCH 2020...

CLIMATE NORMAL PERIOD 1981 TO 2010
CLIMATE RECORD PERIOD 1894 TO 2020

WEATHER         OBSERVED          NORMAL  DEPART  LAST YEAR`S
                 VALUE   DATE(S)  VALUE   FROM    VALUE  DATE(S)
                                          NORMAL
................................................................
TEMPERATURE (F)
RECORD
 HIGH              90   03/23/1910
 LOW              -13   03/11/1948
HIGHEST            74   03/25        78      -4       75  03/27
LOWEST             16   03/20         8       8       -9  03/04
AVG. MAXIMUM     54.1              51.2     2.9     43.7
AVG. MINIMUM     32.7              28.7     4.0     25.5
MEAN             43.4              39.9     3.5     34.6
DAYS MAX >= 90      0               0.0     0.0        0
DAYS MAX <= 32      1               2.7    -1.7        8
DAYS MIN <= 32     17              20.1    -3.1       22
DAYS MIN <= 0       0               0.3    -0.3        2

PRECIPITATION (INCHES)
RECORD
 MAXIMUM         7.76   1987
 MINIMUM            T   1936
                        1929
                        1918
TOTALS           2.19              1.79    0.40     2.65
DAILY AVG.       0.07              0.06    0.01     0.09
DAYS >= .01        12                MM      MM       10
DAYS >= .10         6                MM      MM        5
DAYS >= .50         1                MM      MM        1
DAYS >= 1.00        0                MM      MM        1
GREATEST
 24 HR. TOTAL    0.71   03/19 TO 03/19

SNOWFALL (INCHES)
RECORDS
 TOTAL           28.5   1906
TOTALS            5.3               5.2     0.1      5.3
SINCE 7/1        26.7              27.6    -0.9     28.7
SNOWDEPTH AVG.      0                MM      MM        2
DAYS >= 1.0         2                MM      MM        2
GREATEST
 SNOW DEPTH         4   03/14                          7  03/05
                                                          03/04
                                                          03/03

DEGREE_DAYS
HEATING TOTAL     664               777    -113      935
 SINCE 7/1       5162              5407    -245     5821
COOLING TOTAL       0                 0       0        0
 SINCE 1/1          0                 0       0        0
.................................................................

WIND (MPH)
AVERAGE WIND SPEED              11.1
HIGHEST WIND SPEED/DIRECTION    41/350    DATE  03/19
HIGHEST GUST SPEED/DIRECTION    57/360    DATE  03/19

SKY COVER
POSSIBLE SUNSHINE (PERCENT)   MM
AVERAGE SKY COVER           0.50
NUMBER OF DAYS FAIR           14
NUMBER OF DAYS PC              6
NUMBER OF DAYS CLOUDY         11

AVERAGE RH (PERCENT)     70

WEATHER CONDITIONS. NUMBER OF DAYS WITH
THUNDERSTORM              1     MIXED PRECIP               0
HEAVY RAIN                3     RAIN                       5
LIGHT RAIN                9     FREEZING RAIN              1
LT FREEZING RAIN          2     HAIL                       0
HEAVY SNOW                1     SNOW                       2
LIGHT SNOW                6     SLEET                      0
FOG                      16     FOG W/VIS <= 1/4 MILE      9
HAZE                      0

-  INDICATES NEGATIVE NUMBERS.
R  INDICATES RECORD WAS SET OR TIED.
MM INDICATES DATA IS MISSING.
T  INDICATES TRACE AMOUNT.

$$


USA.gov is the U.S. government's official web portal to all federal, state and local government web resources and services.
  • National Weather Service
  • WSO Pago Pago Weather Service Office
  • Pago Pago, AS
  • (684) 699-9130
  • Page Author: PPG Webmaster
  • Incorrect Region Format!
  • Web Master's E-mail:
  • Page last modified: Mar 10th, 2020 21:02 UTC