000
CXUS54 KHUN 041559
CLMHSV

CLIMATE REPORT
NATIONAL WEATHER SERVICE HUNTSVILLE AL
959 AM CST WED MAR 04 2020

...................................

...THE HUNTSVILLE CLIMATE SUMMARY FOR THE MONTH OF FEBRUARY 2020...

CLIMATE NORMAL PERIOD 1981 TO 2010
CLIMATE RECORD PERIOD 1894 TO 2020

WEATHER         OBSERVED          NORMAL  DEPART   LAST YEAR`S
                VALUE   DATE(S)   VALUE   FROM     VALUE
                                          NORMAL
..............................................................
TEMPERATURE (F)
RECORD
 HIGH             83   02/23/1996
 LOW              -8   02/17/1958
HIGHEST           71   02/03         MM      MM       78
LOWEST            22   02/15         MM      MM       29
AVG. MAXIMUM    56.4               55.9     0.5     61.7
AVG. MINIMUM    37.7               35.5     2.2     43.5
MEAN            47.1               45.7     1.4     52.6
DAYS MAX >= 90     0                0.0     0.0        0
DAYS MAX <= 32     0                0.6    -0.6        0
DAYS MIN <= 32     7               10.4    -3.4        1
DAYS MIN <= 0      0                0.0     0.0        0

PRECIPITATION (INCHES)
RECORD
 MAXIMUM       13.63   2019
 MINIMUM        0.59   1978
TOTALS         10.42               4.84    5.58    13.63
DAILY AVG.      0.36                 MM      MM     0.42
DAYS >= .01       14               10.4     3.6       14
DAYS >= .10       11                7.1     3.9        8
DAYS >= .50        8                3.4     4.6        7
DAYS >= 1.00       6                1.2     4.8        5
GREATEST
 24 HR. TOTAL   2.51   02/10 TO 02/11               3.40

SNOWFALL (INCHES)
RECORDS
 TOTAL           8.8   2015
 24 HR TOTAL     8.2   02/25/2015 TO 02/26/2015
TOTALS             T                0.5    -0.5        T
SINCE 7/1        0.7                1.9    -1.2       MM
DAYS >= TRACE      5                0.7     4.3       MM
DAYS >= 1.0        0                0.3    -0.3       MM
GREATEST
 SNOW DEPTH       MM                                   0
 24 HR TOTAL       T

DEGREE DAYS
HEATING TOTAL    514                542     -28      345
 SINCE 7/1      2176               2484    -308       MM
COOLING TOTAL      0                  1      -1        5
 SINCE 1/1         0                  1      -1       MM

FREEZE DATES
RECORD
 EARLIEST     10/09/2000
 LATEST       05/02/1909
EARLIEST                        11/01
LATEST                          03/19
..............................................................

WIND (MPH)
AVERAGE WIND SPEED              8.1
HIGHEST WIND SPEED/DIRECTION    30/270    DATE  02/12
HIGHEST GUST SPEED/DIRECTION    38/270    DATE  02/12

SKY COVER
POSSIBLE SUNSHINE (PERCENT)   MM


WEATHER CONDITIONS. NUMBER OF DAYS WITH
THUNDERSTORM              5     MIXED PRECIP               0
HEAVY RAIN                6     RAIN                      11
LIGHT RAIN               19     FREEZING RAIN              0
LT FREEZING RAIN          0     HAIL                       0
HEAVY SNOW                0     SNOW                       1
LIGHT SNOW                5     SLEET                      1
FOG                      14     FOG W/VIS <= 1/4 MILE      0

-  INDICATES NEGATIVE NUMBERS.
R  INDICATES RECORD WAS SET OR TIED.
MM INDICATES DATA IS MISSING.
T  INDICATES TRACE AMOUNT.

$$



USA.gov is the U.S. government's official web portal to all federal, state and local government web resources and services.
  • National Weather Service
  • WSO Pago Pago Weather Service Office
  • Pago Pago, AS
  • (684) 699-9130
  • Page Author: PPG Webmaster
  • Incorrect Region Format!
  • Web Master's E-mail:
  • Page last modified: Mar 10th, 2020 21:02 UTC