000
CXUS53 KAPX 010724
CLMHTL


CLIMATE REPORT
NATIONAL WEATHER SERVICE GAYLORD MI
324 AM EDT WED APR 1 2020

...................................

...THE HOUGHTON LAKE MI CLIMATE SUMMARY FOR THE MONTH OF MARCH 2020...

CLIMATE NORMAL PERIOD 1981 TO 2010
CLIMATE RECORD PERIOD 1913 TO 2020

WEATHER         OBSERVED          NORMAL  DEPART  LAST YEAR`S
                 VALUE   DATE(S)  VALUE   FROM    VALUE  DATE(S)
                                          NORMAL
................................................................
TEMPERATURE (F)
RECORD
 HIGH              85   03/21/2012
 LOW              -25   03/03/1943
HIGHEST            56   03/25        MM      MM       53  03/24
                                                          03/14
LOWEST              5   03/07        MM      MM      -11  03/04
AVG. MAXIMUM     42.8              39.7     3.1     35.5
AVG. MINIMUM     24.5              18.5     6.0     14.5
MEAN             33.6              29.1     4.5     25.0
DAYS MAX >= 90      0               0.0     0.0        0
DAYS MAX <= 32      3               7.1    -4.1       11
DAYS MIN <= 32     25              28.1    -3.1       28
DAYS MIN <= 0       0               2.4    -2.4        6

PRECIPITATION (INCHES)
RECORD
 MAXIMUM           MM   MM
 MINIMUM           MM   MM
TOTALS           2.37              1.84    0.53     1.82
DAILY AVG.       0.08              0.06    0.02     0.06
DAYS >= .01        12              11.0     1.0       11
DAYS >= .10         7               4.8     2.2        4
DAYS >= .50         2               1.2     0.8        1
DAYS >= 1.00        0               0.1    -0.1        0
GREATEST
 24 HR. TOTAL    0.58   03/28 TO 03/28
 STORM TOTAL       MM
 (MM/DD(HH))            MM

SNOWFALL (INCHES)
RECORDS
 TOTAL             MM   MM
 24 HR TOTAL       MM
 SNOW DEPTH        MM   MM
TOTALS            2.2               8.3    -6.1      6.8
SINCE 7/1        52.2              62.8   -10.6     66.8
SNOWDEPTH AVG.      2                 6      -4        8
DAYS >= TRACE       9               7.4     1.6       17
DAYS >= 1.0         1               2.6    -1.6        3
GREATEST
 SNOW DEPTH        10   03/01                         17  03/02
 24 HR TOTAL      2.2   03/06 TO 03/06               2.5

DEGREE_DAYS
HEATING TOTAL     964              1113    -149     1232
 SINCE 7/1       6448              6985    -537     7088
COOLING TOTAL       0                 0       0        0
 SINCE 1/1          0                 0       0        0
.................................................................

WIND (MPH)
AVERAGE WIND SPEED              8.0
HIGHEST WIND SPEED/DIRECTION    32/320    DATE  03/20
HIGHEST GUST SPEED/DIRECTION    48/300    DATE  03/20

SKY COVER
POSSIBLE SUNSHINE (PERCENT)   MM
AVERAGE SKY COVER           0.60
NUMBER OF DAYS FAIR            6
NUMBER OF DAYS PC             13
NUMBER OF DAYS CLOUDY         12

AVERAGE RH (PERCENT)     71

WEATHER CONDITIONS. NUMBER OF DAYS WITH
  0
  4
  0
  0
  3
  0
  2
HAZE                      3

-  INDICATES NEGATIVE NUMBERS.
R  INDICATES RECORD WAS SET OR TIED.
MM INDICATES DATA IS MISSING.
T  INDICATES TRACE AMOUNT.

$$


USA.gov is the U.S. government's official web portal to all federal, state and local government web resources and services.
  • National Weather Service
  • WSO Pago Pago Weather Service Office
  • Pago Pago, AS
  • (684) 699-9130
  • Page Author: PPG Webmaster
  • Incorrect Region Format!
  • Web Master's E-mail:
  • Page last modified: Mar 10th, 2020 21:02 UTC