000
CXUS51 KRLX 030354
CLMHTS


CLIMATE REPORT
NATIONAL WEATHER SERVICE CHARLESTON WV
1152 PM EDT THU APR 2 2020

...................................

...THE HUNTINGTON WV CLIMATE SUMMARY FOR THE MONTH OF MARCH 2020...

CLIMATE NORMAL PERIOD 1981 TO 2010
CLIMATE RECORD PERIOD 1897 TO 2020

WEATHER         OBSERVED          NORMAL  DEPART  LAST YEAR`S
                 VALUE   DATE(S)  VALUE   FROM    VALUE
                                          NORMAL
.............................................................
TEMPERATURE (F)
RECORD
 HIGH              92   03/25/1929
 LOW               -2   03/03/1980
HIGHEST            86   03/28                         78
LOWEST             19   03/01                         13
AVG. MAXIMUM     61.9              56.6     5.3     54.1
AVG. MINIMUM     42.5              35.3     7.2     33.3
MEAN             52.2              45.9     6.3     43.7
DAYS MAX >= 90      0               0.0     0.0        0
DAYS MAX <= 32      0               0.5    -0.5        3
DAYS MIN <= 32      4              12.4    -8.4       18
DAYS MIN <= 0       0               0.0     0.0        0

PRECIPITATION (INCHES)
RECORD
 MAXIMUM         8.88   2002
 MINIMUM         0.56   1910
TOTALS           4.33              3.90    0.43     2.06
DAILY AVG.       0.14              0.13    0.01     0.07
DAYS >= .01        21              13.3     7.7        9
DAYS >= .10        12               8.0     4.0        4
DAYS >= .50         1               2.4    -1.4        1
DAYS >= 1.00        1               0.6     0.4        0
GREATEST
 24 HR. TOTAL    1.15   03/12 TO 03/12

SNOWFALL (INCHES)
RECORDS
 TOTAL           23.6   1993
 24 HR TOTAL     21.1   03/13/1993 TO 03/13/1993
 SNOW DEPTH        22   03/14/1993
TOTALS              T               3.8    -3.8      2.4
SINCE 7/1         5.5              22.7   -17.2      7.3
SNOWDEPTH AVG.      0
DAYS >= TRACE       1               2.6    -1.6        6
DAYS >= 1.0         0               1.0    -1.0        1
GREATEST
 24 HR TOTAL        T   03/06 TO 03/06

DEGREE_DAYS
HEATING TOTAL     406               596    -190      654
 SINCE 7/1       3467              4097    -630     3920
COOLING TOTAL      15                 5      10        0
 SINCE 1/1         19                 5      14        0
..............................................................

WIND (MPH)
AVERAGE WIND SPEED              6.5
HIGHEST WIND SPEED/DIRECTION    29/230    DATE  03/29
HIGHEST GUST SPEED/DIRECTION    47/210    DATE  03/29

SKY COVER
POSSIBLE SUNSHINE (PERCENT)   MM
AVERAGE SKY COVER           0.50
NUMBER OF DAYS FAIR           12
NUMBER OF DAYS PC              9
NUMBER OF DAYS CLOUDY         10

AVERAGE RH (PERCENT)     65

-  INDICATES NEGATIVE NUMBERS.
R  INDICATES RECORD WAS SET OR TIED.
MM INDICATES DATA IS MISSING.
T  INDICATES TRACE AMOUNT.

$$



USA.gov is the U.S. government's official web portal to all federal, state and local government web resources and services.
  • National Weather Service
  • WSO Pago Pago Weather Service Office
  • Pago Pago, AS
  • (684) 699-9130
  • Page Author: PPG Webmaster
  • Incorrect Region Format!
  • Web Master's E-mail:
  • Page last modified: Mar 10th, 2020 21:02 UTC