000
CXUS53 KIND 011618
CLMHUF

CLIMATE REPORT
NATIONAL WEATHER SERVICE INDIANAPOLIS IN
1118 AM EST SUN MAR 01 2020

...................................

...THE TERRE HAUTE IN CLIMATE SUMMARY FOR THE MONTH OF FEBRUARY 2020...

CLIMATE NORMAL PERIOD 1981 TO 2010
CLIMATE RECORD PERIOD 9999 TO 9999

WEATHER         OBSERVED          NORMAL  DEPART   LAST YEAR`S
                VALUE   DATE(S)   VALUE   FROM     VALUE DATE(S)
                                          NORMAL
................................................................
TEMPERATURE (F)
HIGHEST           69   02/03                          62  02/03
LOWEST             3R  02/14                          10  02/09
AVG. MAXIMUM    42.8               41.1     1.7     43.1
AVG. MINIMUM    26.5               23.7     2.8     25.5
MEAN            34.6               32.4     2.2     34.3
DAYS MAX >= 90     0                0.0     0.0        0
DAYS MAX <= 32     3                5.4    -2.4        3
DAYS MIN <= 32    22               23.1    -1.1       22
DAYS MIN <= 0      0                0.7    -0.7        0

PRECIPITATION (INCHES)
TOTALS          2.81               1.93    0.88     3.94
DAILY AVG.      0.10                NAN     NAN     0.14
DAYS >= .01       13                 MM      MM       11
DAYS >= .10        8                 MM      MM        7
DAYS >= .50        1                 MM      MM        2
DAYS >= 1.00       1                 MM      MM        2
GREATEST
 24 HR. TOTAL   1.23   02/09 TO 02/10


DEGREE DAYS
HEATING TOTAL    874                913     -39      852
 SINCE 7/1      3785               4219    -434     4040
COOLING TOTAL      0                  0       0        0
 SINCE 1/1         0                  0       0        0
................................................................

WIND (MPH)
AVERAGE WIND SPEED              8.2
HIGHEST WIND SPEED/DIRECTION    24/190    DATE  02/03
                                24/200          02/15
HIGHEST GUST SPEED/DIRECTION    39/200    DATE  02/03

SKY COVER
POSSIBLE SUNSHINE (PERCENT)   MM
AVERAGE SKY COVER           0.61
NUMBER OF DAYS FAIR            8
NUMBER OF DAYS PC              7
NUMBER OF DAYS CLOUDY         14

AVERAGE RH (PERCENT)     75

WEATHER CONDITIONS. NUMBER OF DAYS WITH
THUNDERSTORM              1     MIXED PRECIP               0
HEAVY RAIN                0     RAIN                       2
LIGHT RAIN               12     FREEZING RAIN              1
LT FREEZING RAIN          2     HAIL                       0
HEAVY SNOW                0     SNOW                       1
LIGHT SNOW                8     SLEET                      0
FOG                      16     FOG W/VIS <= 1/4 MILE      0
HAZE                      3

-  INDICATES NEGATIVE NUMBERS.
R  INDICATES RECORD WAS SET OR TIED.
MM INDICATES DATA IS MISSING.
T  INDICATES TRACE AMOUNT.

$$


USA.gov is the U.S. government's official web portal to all federal, state and local government web resources and services.
  • National Weather Service
  • WSO Pago Pago Weather Service Office
  • Pago Pago, AS
  • (684) 699-9130
  • Page Author: PPG Webmaster
  • Incorrect Region Format!
  • Web Master's E-mail:
  • Page last modified: Mar 10th, 2020 21:02 UTC