000
CXUS51 KCAR 012349
CLMHUL


CLIMATE REPORT
NATIONAL WEATHER SERVICE CARIBOU, ME
749 PM EDT WED APR 1 2020

...................................

...THE HOULTON ME CLIMATE SUMMARY FOR THE MONTH OF MARCH 2020...

CLIMATE NORMAL PERIOD 1981 TO 2010
CLIMATE RECORD PERIOD 1948 TO 2020

WEATHER         OBSERVED          NORMAL  DEPART  LAST YEAR`S
                 VALUE   DATE(S)  VALUE   FROM    VALUE  DATE(S)
                                          NORMAL
................................................................
TEMPERATURE (F)
RECORD
 HIGH              79   03/22/2012
                        03/21/2012
                        05/22/1911
 LOW              -31   03/02/2001
HIGHEST            49   03/28        MM      MM       58  03/31
                        03/03
LOWEST            -11   03/02        MM      MM      -22  03/07
AVG. MAXIMUM     37.8              36.1     1.7     34.8
AVG. MINIMUM     16.2              15.0     1.2     10.4
MEAN             27.0              25.6     1.4     22.6
DAYS MAX >= 90      0               0.0     0.0        0
DAYS MAX <= 32      6               9.1    -3.1       14
DAYS MIN <= 32     30              28.8     1.2       30
DAYS MIN <= 0       3               4.6    -1.6       11

PRECIPITATION (INCHES)
RECORD
 MAXIMUM           MM   MM
 MINIMUM           MM   MM
TOTALS           2.04                     -0.55
DAILY AVG.       0.07              0.08   -0.01     0.06
DAYS >= .01        13              11.5     1.5       10
DAYS >= .10         6               6.5    -0.5        5
DAYS >= .50         1               1.5    -0.5        1
DAYS >= 1.00        0               0.4    -0.4        0
GREATEST
 24 HR. TOTAL    0.76   03/13 TO 03/13           03/22 TO 03/22
                                                          03/22 TO 03/22EATHER         OBSERVED          NORMAL  DEPART  LAST YEAR`S
                                                          03/22 TO 03/22EATHER         OBSERVED          NORMAL  DEPART  LAST YEAR`S

SNOWFALL (INCHES)
TOTALS             MM              17.8      MM       MM
SINCE 7/1          MM              83.4      MM       MM
SNOWDEPTH AVG.     MM                12      MM       MM
DAYS >= 1.0         0               4.3    -4.3        0
GREATEST
 SNOW DEPTH        MM                                 MM  MM
 24 HR TOTAL       MM                                 MM

DEGREE_DAYS
HEATING TOTAL    1168              1223     -55
.................................................................

WIND (MPH)
AVERAGE WIND SPEED              7.7
HIGHEST WIND SPEED/DIRECTION    30/010    DATE  03/07
HIGHEST GUST SPEED/DIRECTION    42/290    DATE  03/20

SKY COVER
POSSIBLE SUNSHINE (PERCENT)   MM
AVERAGE SKY COVER           0.50
NUMBER OF DAYS FAIR           12
NUMBER OF DAYS PC              8
NUMBER OF DAYS CLOUDY         11

AVERAGE RH (PERCENT)     62

WEATHER CONDITIONS. NUMBER OF DAYS WITH
  0
  2
  0
  0
  2
  0
  3
HAZE                      5

-  INDICATES NEGATIVE NUMBERS.
R  INDICATES RECORD WAS SET OR TIED.
MM INDICATES DATA IS MISSING.
T  INDICATES TRACE AMOUNT.

$$


USA.gov is the U.S. government's official web portal to all federal, state and local government web resources and services.
  • National Weather Service
  • WSO Pago Pago Weather Service Office
  • Pago Pago, AS
  • (684) 699-9130
  • Page Author: PPG Webmaster
  • Incorrect Region Format!
  • Web Master's E-mail:
  • Page last modified: Mar 10th, 2020 21:02 UTC