000
CXUS53 KUNR 011601
CLMICR


CLIMATE REPORT
NATIONAL WEATHER SERVICE RAPID CITY SD
1000 AM MDT WED APR 1 2020

...................................

...THE WINNER REGIONAL AIRPORT SD CLIMATE SUMMARY FOR THE MONTH OF MARCH 2020...

CLIMATE NORMAL PERIOD 1981 TO 2010
CLIMATE RECORD PERIOD 9999 TO 9999

WEATHER         OBSERVED          NORMAL  DEPART  LAST YEAR`S
                 VALUE   DATE(S)  VALUE   FROM    VALUE  DATE(S)
                                          NORMAL
................................................................
TEMPERATURE (F)
HIGHEST            82   03/07                         71  03/26
LOWEST              8   03/20                        -16  03/03
AVG. MAXIMUM     53.0              48.1     4.9     38.5
AVG. MINIMUM     29.2              25.4     3.8     21.2
MEAN             41.1              36.7     4.4     29.9
DAYS MAX >= 90      0                                  0
DAYS MAX <= 32      2                                  9
DAYS MIN <= 32     20                                 27
DAYS MIN <= 0       0                                  3

PRECIPITATION (INCHES)
TOTALS           1.11              1.38   -0.27     1.02
DAILY AVG.       0.04              0.04    0.00     0.03
DAYS >= .01         8                                  6
DAYS >= .10         3                                  1
DAYS >= .50         1                                  1
DAYS >= 1.00        0                                  0
GREATEST
 24 HR. TOTAL    0.55   03/28 TO 03/28              0.83

DEGREE_DAYS
HEATING TOTAL     731               876    -145     1080
 SINCE 7/1       5649              5885    -236     6469
COOLING TOTAL       0                 0       0        0
 SINCE 1/1          0                 0       0        0
.................................................................

WIND (MPH)
AVERAGE WIND SPEED              13.1
HIGHEST WIND SPEED/DIRECTION    37/170    DATE  03/06
HIGHEST GUST SPEED/DIRECTION    54/310    DATE  03/05

AVERAGE RH (PERCENT)     61

WEATHER CONDITIONS. NUMBER OF DAYS WITH
THUNDERSTORM              0     MIXED PRECIP               0
HEAVY RAIN                0     RAIN                       1
LIGHT RAIN                6     FREEZING RAIN              0
LT FREEZING RAIN          0     HAIL                       0
HEAVY SNOW                0     SNOW                       1
LIGHT SNOW                4     SLEET                      0
FOG                       7     FOG W/VIS <= 1/4 MILE      1
HAZE                      1

-  INDICATES NEGATIVE NUMBERS.
R  INDICATES RECORD WAS SET OR TIED.
MM INDICATES DATA IS MISSING.
T  INDICATES TRACE AMOUNT.

$$



USA.gov is the U.S. government's official web portal to all federal, state and local government web resources and services.
  • National Weather Service
  • WSO Pago Pago Weather Service Office
  • Pago Pago, AS
  • (684) 699-9130
  • Page Author: PPG Webmaster
  • Incorrect Region Format!
  • Web Master's E-mail:
  • Page last modified: Mar 10th, 2020 21:02 UTC