000
CXUS53 KUNR 011601
CLMIEN


CLIMATE REPORT
NATIONAL WEATHER SERVICE RAPID CITY SD
1000 AM MDT WED APR 1 2020

...................................

...THE PINE RIDGE SD CLIMATE SUMMARY FOR THE MONTH OF MARCH 2020...

CLIMATE NORMAL PERIOD 1981 TO 2010
CLIMATE RECORD PERIOD 9999 TO 9999

WEATHER         OBSERVED          NORMAL  DEPART  LAST YEAR`S
                 VALUE   DATE(S)  VALUE   FROM    VALUE  DATE(S)
                                          NORMAL
................................................................
TEMPERATURE (F)
HIGHEST            73   03/07                         67  03/26
LOWEST              8   03/20                        -22  03/03
AVG. MAXIMUM     53.2              50.2     3.0     40.2
AVG. MINIMUM     26.4              22.5     3.9     15.0
MEAN             39.8              36.4     3.4     27.6
DAYS MAX >= 90      0                                  0
DAYS MAX <= 32      1                                  7
DAYS MIN <= 32     26                                 28
DAYS MIN <= 0       0                                  7

PRECIPITATION (INCHES)
TOTALS           0.83              0.87   -0.04     2.27
DAILY AVG.       0.03              0.03    0.00     0.07
DAYS >= .01         8                                 11
DAYS >= .10         3                                  5
DAYS >= .50         0                                  1
DAYS >= 1.00        0                                  1
GREATEST
 24 HR. TOTAL    0.49   03/27 TO 03/27              1.08

DEGREE_DAYS
HEATING TOTAL     775               888    -113     1153
 SINCE 7/1       6024              6238    -214     6347
COOLING TOTAL       0                 0       0        0
 SINCE 1/1          0                 0       0        0
.................................................................

WIND (MPH)
AVERAGE WIND SPEED              8.8
HIGHEST WIND SPEED/DIRECTION    36/300    DATE  03/03
HIGHEST GUST SPEED/DIRECTION    53/350    DATE  03/04

AVERAGE RH (PERCENT)     63

WEATHER CONDITIONS. NUMBER OF DAYS WITH
THUNDERSTORM              0     MIXED PRECIP               0
HEAVY RAIN                0     RAIN                       1
LIGHT RAIN                5     FREEZING RAIN              0
LT FREEZING RAIN          0     HAIL                       0
HEAVY SNOW                0     SNOW                       0
LIGHT SNOW                4     SLEET                      0
FOG                       9     FOG W/VIS <= 1/4 MILE      1
HAZE                      3

-  INDICATES NEGATIVE NUMBERS.
R  INDICATES RECORD WAS SET OR TIED.
MM INDICATES DATA IS MISSING.
T  INDICATES TRACE AMOUNT.

$$


USA.gov is the U.S. government's official web portal to all federal, state and local government web resources and services.
  • National Weather Service
  • WSO Pago Pago Weather Service Office
  • Pago Pago, AS
  • (684) 699-9130
  • Page Author: PPG Webmaster
  • Incorrect Region Format!
  • Web Master's E-mail:
  • Page last modified: Mar 10th, 2020 21:02 UTC