000
CXUS55 KVEF 040903
CLMIGM

CLIMATE REPORT
NATIONAL WEATHER SERVICE LAS VEGAS, NV
1238 AM PST WED MAR 4 2020

...................................

...THE KINGMAN AZ CLIMATE SUMMARY FOR THE MONTH OF FEBRUARY 2020...

CLIMATE NORMAL PERIOD 1981 TO 2010
CLIMATE RECORD PERIOD 1901 TO 2020

WEATHER         OBSERVED          NORMAL  DEPART  LAST YEAR`S
                 VALUE   DATE(S)  VALUE   FROM    VALUE  DATE(S)
                                          NORMAL
................................................................
TEMPERATURE (F)
RECORD
 HIGH              82   02/13/1957
                        02/27/1986
 LOW                9   02/23/2019
HIGHEST            72   02/21        MM      MM       68  02/28
LOWEST             19   02/05        MM      MM        9  02/23
AVG. MAXIMUM     62.0              59.7     2.3     51.0
AVG. MINIMUM     30.2              34.0    -3.8     30.5
MEAN             46.1              46.9    -0.8     40.8
DAYS MAX >= 90      0               0.0     0.0        0
DAYS MAX <= 32      0               0.0     0.0        0
DAYS MIN <= 32     17              10.5     6.5       16
DAYS MIN <= 0       0               0.0     0.0        0

PRECIPITATION (INCHES)
RECORD
 MAXIMUM         4.62   1993
 MINIMUM         0.00   2002
                        1984
                        1977
TOTALS           0.77              1.14   -0.37     2.99
DAILY AVG.       0.03                MM      MM     0.11
DAYS >= .01         2                MM      MM       10
DAYS >= .10         1                MM      MM        7
DAYS >= .50         1                MM      MM        2
DAYS >= 1.00        0                MM      MM        0
GREATEST
 24 HR. TOTAL    0.76   02/22 TO 02/22

DEGREE_DAYS
HEATING TOTAL     542               508      34      672
 SINCE 7/1       2334              2429     -95     2480
COOLING TOTAL       0                 0       0        0
 SINCE 1/1          0                 0       0        0

FREEZE DATES
RECORD
 EARLIEST     09/24/1920
 LATEST       05/21/1975
EARLIEST                        11/10
LATEST                          03/30
.................................................................

WIND (MPH)
AVERAGE WIND SPEED              8.9
HIGHEST WIND SPEED/DIRECTION    43/210    DATE  02/02
HIGHEST GUST SPEED/DIRECTION    52/210    DATE  02/02

SKY COVER
POSSIBLE SUNSHINE (PERCENT)   MM
AVERAGE SKY COVER           0.10
NUMBER OF DAYS FAIR           28
NUMBER OF DAYS PC              1
NUMBER OF DAYS CLOUDY          0

AVERAGE RH (PERCENT)     42

WEATHER CONDITIONS. NUMBER OF DAYS WITH
THUNDERSTORM              1    MIXED PRECIP                0
HEAVY RAIN                1    RAIN                        1
LIGHT RAIN                4    FREEZING RAIN               0
LT FREEZING RAIN          0    HAIL                        0
HEAVY SNOW                0    SNOW                        0
LIGHT SNOW                0    SLEET                       0
FOG                       1    FOG W/VIS <= 1/4 MILE       0
HAZE                      1

-  INDICATES NEGATIVE NUMBERS.
R  INDICATES RECORD WAS SET OR TIED.
MM INDICATES DATA IS MISSING.
T  INDICATES TRACE AMOUNT.

$$


USA.gov is the U.S. government's official web portal to all federal, state and local government web resources and services.
  • National Weather Service
  • WSO Pago Pago Weather Service Office
  • Pago Pago, AS
  • (684) 699-9130
  • Page Author: PPG Webmaster
  • Incorrect Region Format!
  • Web Master's E-mail:
  • Page last modified: Mar 10th, 2020 21:02 UTC