000
CXUS51 KPHI 011645
CLMILG

CLIMATE REPORT
NATIONAL WEATHER SERVICE MOUNT HOLLY NJ
1145 AM EST SUN MAR 01 2020

...................................

...THE WILMINGTON DE CLIMATE SUMMARY FOR THE MONTH OF FEBRUARY 2020...

CLIMATE NORMAL PERIOD: 1981 TO 2010
CLIMATE RECORD PERIOD: 1894 TO 2020

WEATHER         OBSERVED          NORMAL  DEPART   LAST YEAR`S
                VALUE   DATE(S)   VALUE   FROM     VALUE DATE(S)
                                          NORMAL
................................................................
TEMPERATURE (F)
RECORD
 HIGH             78   02/21/2018
                       02/24/1985
                       02/25/1930
 LOW             -15   02/09/1934
HIGHEST           68                 62       6       67
LOWEST            14                 10       4        6
AVG. MAXIMUM    49.6               43.5     6.1     44.3
AVG. MINIMUM    31.6               26.8     4.8     27.8
MEAN            40.6               35.1     5.5     36.1
DAYS MAX >= 90     0                0.0     0.0        0
DAYS MAX <= 32     1                3.1    -2.1        2
DAYS MIN <= 32    16               20.8    -4.8       20
DAYS MIN <= 0      0                0.0     0.0        0

PRECIPITATION (INCHES)
RECORD
 MAXIMUM        7.02   1979
 MINIMUM        0.30   2009
TOTALS          2.94               2.68    0.26     3.43
DAILY AVG.      0.10                NAN     NAN     0.12
DAYS >= .01       13                9.4     3.6       14
DAYS >= .10        9                5.0     4.0        8
DAYS >= .50        2                1.9     0.1        2
DAYS >= 1.00       0                0.5    -0.5        0
GREATEST
 24 HR. TOTAL   0.86   02/10 TO 02/11               0.92

SNOWFALL (INCHES)
RECORDS
 TOTAL            MM   5
 24 HR TOTAL      MM
TOTALS             T                8.3    -8.3      8.5
SINCE 7/1        0.9               18.0   -17.1       MM
SNOWDEPTH AVG.     0                                   0
DAYS >= 1.0        0                1.8    -1.8        3
GREATEST
 SNOW DEPTH        0                                   3  02/12
 24 HR TOTAL      MM                                 3.9

DEGREE DAYS
HEATING TOTAL    699                836    -137      802
 SINCE 7/1      3139               3677    -538     3524
COOLING TOTAL      0                  0       0        0
 SINCE 1/1         0                  0       0        0
................................................................

WIND (MPH)
AVERAGE WIND SPEED              8.1
HIGHEST WIND SPEED/DIRECTION    38/280    DATE  02/07
HIGHEST GUST SPEED/DIRECTION    51/240    DATE  02/07

SKY COVER
POSSIBLE SUNSHINE (PERCENT)   MM
AVERAGE SKY COVER           0.49
NUMBER OF DAYS FAIR           12
NUMBER OF DAYS PC              9
NUMBER OF DAYS CLOUDY          8

AVERAGE RH (PERCENT)     64

WEATHER CONDITIONS. NUMBER OF DAYS WITH
THUNDERSTORM              0     MIXED PRECIP               0
HEAVY RAIN                0     RAIN                       5
LIGHT RAIN               15     FREEZING RAIN              0
LT FREEZING RAIN          0     HEAVY SNOW                 0
SNOW                      0     LIGHT SNOW                 2
SLEET                     0     FOG                       15
FOG W/VIS <= 1/4 MILE     4     HAZE                       4

-  INDICATES NEGATIVE NUMBERS.
R  INDICATES RECORD WAS SET OR TIED.
MM INDICATES DATA IS MISSING.
T  INDICATES TRACE AMOUNT.

$$



USA.gov is the U.S. government's official web portal to all federal, state and local government web resources and services.
  • National Weather Service
  • WSO Pago Pago Weather Service Office
  • Pago Pago, AS
  • (684) 699-9130
  • Page Author: PPG Webmaster
  • Incorrect Region Format!
  • Web Master's E-mail:
  • Page last modified: Mar 10th, 2020 21:02 UTC