000
CXUS52 KILM 031332
CLMILM


CLIMATE REPORT
NATIONAL WEATHER SERVICE WILMINGTON NC
822 AM EST TUE MAR 3 2020

...................................

...THE WILMINGTON NORTH CAROLINA CLIMATE SUMMARY FOR THE SEASON, FROM
12/1/2019 TO 2/29/2020...

CLIMATE NORMAL PERIOD 1981 TO 2010
CLIMATE RECORD PERIOD 1871 TO 2020

WEATHER         OBSERVED          NORMAL  DEPART  LAST YEAR`S
                 VALUE   DATE(S)  VALUE   FROM    VALUE  DATE(S)
                                          NORMAL
................................................................
TEMPERATURE (F)
RECORD
 HIGH              85   02/28/1962
 LOW                0   12/25/1989
HIGHEST            78   02/11        MM      MM       83
                        01/14
LOWEST             23   02/22        MM      MM       19
AVG. MAXIMUM     63.1              58.5     4.6     60.8
AVG. MINIMUM     42.7              37.1     5.6     40.5
MEAN             52.9              47.8     5.1     50.7
DAYS MAX >= 90      0               0.0     0.0        0
DAYS MAX <= 32      0               0.5    -0.5        0
DAYS MIN <= 32     13              29.0   -16.0       27
DAYS MIN <= 0       0               0.0     0.0        0

PRECIPITATION (INCHES)
TOTALS          13.08             11.00    2.08    10.80
DAILY AVG.       0.15              0.12    0.03     0.12
DAYS >= .01        34              29.1     4.9       31
DAYS >= .10        24              18.7     5.3       17
DAYS >= .50        10               7.7     2.3        7
DAYS >= 1.00        3               2.9     0.1        4
GREATEST
 24 HR. TOTAL    2.06   MM                          1.97

SNOWFALL (INCHES)
TOTALS              T               1.5    -1.5      0.0
SINCE 7/1           T               1.5    -1.5      0.0
DAYS >= 1.0         0               0.4    -0.4        0
GREATEST
 SNOW DEPTH         0   MM                             0  MM
 24 HR TOTAL      0.0   MM                           0.0

DEGREE_DAYS
HEATING TOTAL    1125              1560    -435     1295
 SINCE 7/1       1498              1943    -445     1681
COOLING TOTAL      50                11      39       15
 SINCE 1/1         38                 5      33       14
.................................................................

WIND (MPH)
AVERAGE WIND SPEED              8.7
RESULTANT WIND SPEED/DIRECTION   2/290
HIGHEST WIND SPEED/DIRECTION    45/240    DATE  02/07
HIGHEST GUST SPEED/DIRECTION    60/250    DATE  02/07

SKY COVER
POSSIBLE SUNSHINE (PERCENT)   MM
AVERAGE SKY COVER           0.40
NUMBER OF DAYS FAIR           48
NUMBER OF DAYS PC             28
NUMBER OF DAYS CLOUDY         14

AVERAGE RH (PERCENT)     70

WEATHER CONDITIONS. NUMBER OF DAYS WITH
THUNDERSTORM              1     MIXED PRECIP               0
HEAVY RAIN               13     RAIN                      19
LIGHT RAIN               42     FREEZING RAIN              0
LT FREEZING RAIN          0     HAIL                       0
HEAVY SNOW                0     SNOW                       0
LIGHT SNOW                1     SLEET                      1
FOG                      46     FOG W/VIS <= 1/4 MILE      6
HAZE                      1

-  INDICATES NEGATIVE NUMBERS.
R  INDICATES RECORD WAS SET OR TIED.
MM INDICATES DATA IS MISSING.
T  INDICATES TRACE AMOUNT.

$$



USA.gov is the U.S. government's official web portal to all federal, state and local government web resources and services.
  • National Weather Service
  • WSO Pago Pago Weather Service Office
  • Pago Pago, AS
  • (684) 699-9130
  • Page Author: PPG Webmaster
  • Incorrect Region Format!
  • Web Master's E-mail:
  • Page last modified: Mar 10th, 2020 21:02 UTC