000
CXUS53 KILX 011817
CLMILX


CLIMATE REPORT
NATIONAL WEATHER SERVICE LINCOLN IL
108 PM CDT WED APR 1 2020

...................................

...THE LINCOLN IL CLIMATE SUMMARY FOR THE MONTH OF MARCH 2020...

CLIMATE NORMAL PERIOD 1981 TO 2010
CLIMATE RECORD PERIOD 1905 TO 2020

WEATHER         OBSERVED          NORMAL  DEPART  LAST YEAR`S
                 VALUE   DATE(S)  VALUE   FROM    VALUE
                                          NORMAL
.............................................................
TEMPERATURE (F)
RECORD
 HIGH              86   03/30/1986
                        03/29/1985
 LOW              -14   03/10/1934
HIGHEST            72   03/28        MM      MM       73
LOWEST             22   03/07        MM      MM       -3
AVG. MAXIMUM     53.5              51.1     2.4     46.8
AVG. MINIMUM     35.5              31.2     4.3     27.7
MEAN             44.5              41.1     3.4     37.2
DAYS MAX >= 90      0               0.0     0.0        0
DAYS MAX <= 32      0               1.8    -1.8        4
DAYS MIN <= 32      9              16.8    -7.8       21
DAYS MIN <= 0       0               0.0     0.0        1

PRECIPITATION (INCHES)
RECORD
 MAXIMUM         7.14   1973
 MINIMUM         0.13   1961
TOTALS           2.98              2.60    0.38     5.50
DAILY AVG.       0.10              0.08    0.02     0.18
DAYS >= .01        11              10.3     0.7       14
DAYS >= .10         7               6.4     0.6       12
DAYS >= .50         2               1.9     0.1        4
DAYS >= 1.00        0               0.3    -0.3        1
GREATEST
 24 HR. TOTAL    0.77   03/19 TO 03/19              1.46

SNOWFALL (INCHES)
RECORDS
 TOTAL           21.0   1934
TOTALS            1.1               1.7    -0.6      3.4
SINCE 7/1        21.6              20.2     1.4     32.9
DAYS >= 1.0         0               0.7    -0.7        2
GREATEST
 SNOW DEPTH         T   03/14                          1
 24 HR TOTAL      0.6   03/22 TO 03/22               2.0

DEGREE_DAYS
HEATING TOTAL     626               741    -115      854
 SINCE 7/1       4821              5164    -343     5475
COOLING TOTAL       0                 2      -2        0
 SINCE 1/1          0                 2      -2        0
..............................................................

WIND (MPH)
AVERAGE WIND SPEED              MM
HIGHEST WIND SPEED/DIRECTION    MM        DATE   MM
HIGHEST GUST SPEED/DIRECTION    MM        DATE   MM

AVERAGE RH (PERCENT)     MM

WEATHER CONDITIONS. NUMBER OF DAYS WITH
THUNDERSTORM              1     MIXED PRECIP               0
HEAVY RAIN                2     RAIN                       5
LIGHT RAIN               18     FREEZING RAIN              0
LT FREEZING RAIN          0     HAIL                       0
HEAVY SNOW                0     SNOW                       1
LIGHT SNOW                6     SLEET                      0
FOG                      17     FOG W/VIS <= 1/4 MILE      3
HAZE                      1

-  INDICATES NEGATIVE NUMBERS.
R  INDICATES RECORD WAS SET OR TIED.
MM INDICATES DATA IS MISSING.
T  INDICATES TRACE AMOUNT.

&&

MARCH RECORDS:

NONE


$$



USA.gov is the U.S. government's official web portal to all federal, state and local government web resources and services.
  • National Weather Service
  • WSO Pago Pago Weather Service Office
  • Pago Pago, AS
  • (684) 699-9130
  • Page Author: PPG Webmaster
  • Incorrect Region Format!
  • Web Master's E-mail:
  • Page last modified: Mar 10th, 2020 21:02 UTC