000
CXUS53 KLBF 010732
CLMIML


CLIMATE REPORT
NATIONAL WEATHER SERVICE NORTH PLATTE
230 AM CDT WED APR 1 2020

...................................

...THE IMPERIAL NE CLIMATE SUMMARY FOR THE MONTH OF MARCH 2020...

CLIMATE NORMAL PERIOD 1981 TO 2010
CLIMATE RECORD PERIOD 1893 TO 2020

WEATHER         OBSERVED          NORMAL  DEPART  LAST YEAR`S
                 VALUE   DATE(S)  VALUE   FROM    VALUE  DATE(S)
                                          NORMAL
................................................................
TEMPERATURE (F)
RECORD
 HIGH              89   03/16/2015
                        03/29/1967
                        03/31/1946
 LOW              -24   03/03/1960
HIGHEST            75   03/08        78      -3       77  03/27
LOWEST             14   03/20         7       7       -7  03/04
AVG. MAXIMUM     55.2              54.1     1.1     47.3
AVG. MINIMUM     29.4              25.6     3.8     22.1
MEAN             42.3              39.8     2.5     34.7
DAYS MAX >= 90      0               0.0     0.0        0
DAYS MAX <= 32      2               1.5     0.5        4
DAYS MIN <= 32     20              25.5    -5.5       25
DAYS MIN <= 0       0               0.2    -0.2        2

PRECIPITATION (INCHES)
RECORD
 MAXIMUM         6.15   1981
 MINIMUM         0.10   1968
TOTALS           1.03              1.07   -0.04     0.90
DAILY AVG.       0.03              0.03    0.00     0.03
DAYS >= .01         5                MM      MM        4
DAYS >= .10         5                MM      MM        2
DAYS >= .50         0                MM      MM        1
DAYS >= 1.00        0                MM      MM        0
GREATEST
 24 HR. TOTAL    0.44   03/28 TO 03/28           03/13 TO 03/13


SNOWFALL (INCHES)
TOTALS             MM

DEGREE_DAYS
HEATING TOTAL     698               780     -82      934
 SINCE 7/1       5161              5369    -208     5786
COOLING TOTAL       0                 0       0        0
 SINCE 1/1          0                 0       0        0
.................................................................

WIND (MPH)
HIGHEST WIND SPEED/DIRECTION    44/010    DATE  03/19
HIGHEST GUST SPEED/DIRECTION    58/010    DATE  03/19

AVERAGE RH (PERCENT)     65

WEATHER CONDITIONS. NUMBER OF DAYS WITH
THUNDERSTORM              1     MIXED PRECIP               0
HEAVY RAIN                0     RAIN                       1
LIGHT RAIN                5     FREEZING RAIN              0
LT FREEZING RAIN          2     HAIL                       0
HEAVY SNOW                0     SNOW                       1
LIGHT SNOW                4     SLEET                      0
FOG                      13     FOG W/VIS <= 1/4 MILE      2
HAZE                      0

-  INDICATES NEGATIVE NUMBERS.
R  INDICATES RECORD WAS SET OR TIED.
MM INDICATES DATA IS MISSING.
T  INDICATES TRACE AMOUNT.

$$




USA.gov is the U.S. government's official web portal to all federal, state and local government web resources and services.
  • National Weather Service
  • WSO Pago Pago Weather Service Office
  • Pago Pago, AS
  • (684) 699-9130
  • Page Author: PPG Webmaster
  • Incorrect Region Format!
  • Web Master's E-mail:
  • Page last modified: Mar 10th, 2020 21:02 UTC