000
CXUS53 KIND 011506
CLMIND

CLIMATE REPORT
NATIONAL WEATHER SERVICE INDIANAPOLIS IN
1106 AM EDT THU OCT 01 2020

...................................

...THE INDIANAPOLIS IN CLIMATE SUMMARY FOR THE MONTH OF SEPTEMBER 2020...

CLIMATE NORMAL PERIOD 1981 TO 2010
CLIMATE RECORD PERIOD 1871 TO 2020

WEATHER         OBSERVED          NORMAL  DEPART   LAST YEAR`S
                VALUE   DATE(S)   VALUE   FROM     VALUE DATE(S)
                                          NORMAL
................................................................
TEMPERATURE (F)
RECORD
 HIGH            100   09/03/2011
                       09/05/1954
                       09/02/1953
 LOW              30   09/30/1899
HIGHEST           90   09/08                          92  09/30
                                                          09/10
LOWEST            44   09/29                          52  09/24
AVG. MAXIMUM    78.3               77.6     0.7     84.2
AVG. MINIMUM    57.2               56.2     1.0     63.1
MEAN            67.8               66.9     0.8     73.7
DAYS MAX >= 90     1                1.5    -0.5        6
DAYS MAX <= 32     0                0.0     0.0        0
DAYS MIN <= 32     0                0.0     0.0        0
DAYS MIN <= 0      0                0.0     0.0        0

PRECIPITATION (INCHES)
RECORD
 MAXIMUM       10.37   2003
 MINIMUM        0.24   1963
TOTALS          0.12R              3.12   -3.00     0.47
DAILY AVG.      0.00               0.10   -0.10     0.02
DAYS >= .01        4                8.1    -4.1        4
DAYS >= .10        0                4.9    -4.9        2
DAYS >= .50        0                1.9    -1.9        0
DAYS >= 1.00       0                0.8    -0.8        0
GREATEST
 24 HR. TOTAL   0.08   09/28 TO 09/28

SNOWFALL (INCHES)
RECORDS
 TOTAL             T   2016
 SNOW DEPTH       MM   MM
TOTALS           0.0                0.0     0.0      0.0
SINCE 7/1        0.0                0.0     0.0       MM
SNOWDEPTH AVG.     0
DAYS >= 1.0        0                0.0     0.0        0
GREATEST
 SNOW DEPTH        0                                   0  MM
 24 HR TOTAL      MM    MM                           0.0

DEGREE DAYS
HEATING TOTAL     43                 71     -28        0
 SINCE 7/1        43                 74     -31        0
COOLING TOTAL    134                128       6      268
 SINCE 1/1      1198               1049     149     1307
................................................................

WIND (MPH)
AVERAGE WIND SPEED              8.4
HIGHEST WIND SPEED/DIRECTION    28/260    DATE  09/30
HIGHEST GUST SPEED/DIRECTION    38/330    DATE  09/30

SKY COVER
POSSIBLE SUNSHINE (PERCENT)   MM
AVERAGE SKY COVER           0.47
NUMBER OF DAYS FAIR            9
NUMBER OF DAYS PC             15
NUMBER OF DAYS CLOUDY          6

AVERAGE RH (PERCENT)     67

WEATHER CONDITIONS. NUMBER OF DAYS WITH
THUNDERSTORM              0     MIXED PRECIP               0
HEAVY RAIN                0     RAIN                       0
LIGHT RAIN                6     FREEZING RAIN              0
LT FREEZING RAIN          0     HAIL                       0
HEAVY SNOW                0     SNOW                       0
LIGHT SNOW                0     SLEET                      0
FOG                      10     FOG W/VIS <= 1/4 MILE      1
HAZE                      3

-  INDICATES NEGATIVE NUMBERS.
R  INDICATES RECORD WAS SET OR TIED.
MM INDICATES DATA IS MISSING.
T  INDICATES TRACE AMOUNT.

$$



USA.gov is the U.S. government's official web portal to all federal, state and local government web resources and services.
  • National Weather Service
  • WSO Pago Pago Weather Service Office
  • Pago Pago, AS
  • (684) 699-9130
  • Page Author: PPG Webmaster
  • Incorrect Region Format!
  • Web Master's E-mail:
  • Page last modified: Mar 10th, 2020 21:02 UTC