000
CXUS53 KIND 011618
CLMIND

CLIMATE REPORT
NATIONAL WEATHER SERVICE INDIANAPOLIS IN
1118 AM EST SUN MAR 01 2020

...................................

...THE INDIANAPOLIS IN CLIMATE SUMMARY FOR THE MONTH OF FEBRUARY 2020...

CLIMATE NORMAL PERIOD 1981 TO 2010
CLIMATE RECORD PERIOD 1871 TO 2020

WEATHER         OBSERVED          NORMAL  DEPART   LAST YEAR`S
                VALUE   DATE(S)   VALUE   FROM     VALUE DATE(S)
                                          NORMAL
................................................................
TEMPERATURE (F)
RECORD
 HIGH             77   02/20/2018
 LOW             -21   02/10/1982
HIGHEST           67   02/03                          62  02/03
LOWEST             2   02/14                          10  02/09
AVG. MAXIMUM    41.4               40.2     1.2     42.1
AVG. MINIMUM    25.2               23.9     1.3     25.5
MEAN            33.3               32.1     1.2     33.8
DAYS MAX >= 90     0                0.0     0.0        0
DAYS MAX <= 32     4                6.8    -2.8        6
DAYS MIN <= 32    23               21.8     1.2       23
DAYS MIN <= 0      0                0.9    -0.9        0

PRECIPITATION (INCHES)
RECORD
 MAXIMUM        7.28   1882
 MINIMUM        0.18   1907
TOTALS          3.89               2.32    1.57     4.68
DAILY AVG.      0.13                NAN     NAN     0.17
DAYS >= .01       14               10.0     4.0       14
DAYS >= .10        8                5.2     2.8        8
DAYS >= .50        1                1.4    -0.4        4
DAYS >= 1.00       1                0.4     0.6        2
GREATEST
 24 HR. TOTAL   1.74   02/09 TO 02/10

SNOWFALL (INCHES)
RECORDS
 TOTAL          21.7   2003
 SNOW DEPTH       16   02/17/1910
TOTALS           4.3                6.5    -2.2      4.5
SINCE 7/1       15.0               23.1    -8.1       MM
SNOWDEPTH AVG.     0
DAYS >= 1.0        1                2.0    -1.0        2
GREATEST
 SNOW DEPTH        1                                   2  02/01
 24 HR TOTAL      MM                                 1.4  02/20 TO 02/20

DEGREE DAYS
HEATING TOTAL    913                922      -9      867
 SINCE 7/1      3801               4201    -400     4106
COOLING TOTAL      0                  0       0        0
 SINCE 1/1         0                  0       0        0
................................................................

WIND (MPH)
AVERAGE WIND SPEED              10.5
HIGHEST WIND SPEED/DIRECTION    31/210    DATE  02/03
HIGHEST GUST SPEED/DIRECTION    42/220    DATE  02/03

SKY COVER
POSSIBLE SUNSHINE (PERCENT)   MM
AVERAGE SKY COVER           0.71
NUMBER OF DAYS FAIR            4
NUMBER OF DAYS PC              8
NUMBER OF DAYS CLOUDY         17

AVERAGE RH (PERCENT)     75

WEATHER CONDITIONS. NUMBER OF DAYS WITH
THUNDERSTORM              0     MIXED PRECIP               0
HEAVY RAIN                2     RAIN                       5
LIGHT RAIN               11     FREEZING RAIN              0
LT FREEZING RAIN          7     HAIL                       0
HEAVY SNOW                0     SNOW                       0
LIGHT SNOW               11     SLEET                      2
FOG                      16     FOG W/VIS <= 1/4 MILE      0
HAZE                      1

-  INDICATES NEGATIVE NUMBERS.
R  INDICATES RECORD WAS SET OR TIED.
MM INDICATES DATA IS MISSING.
T  INDICATES TRACE AMOUNT.

$$


USA.gov is the U.S. government's official web portal to all federal, state and local government web resources and services.
  • National Weather Service
  • WSO Pago Pago Weather Service Office
  • Pago Pago, AS
  • (684) 699-9130
  • Page Author: PPG Webmaster
  • Incorrect Region Format!
  • Web Master's E-mail:
  • Page last modified: Mar 10th, 2020 21:02 UTC