000
CXUS53 KDLH 031851
CLMINL


CLIMATE REPORT
NATIONAL WEATHER SERVICE DULUTH MN
150 PM CDT FRI APR 3 2020

...................................

...THE INTERNATIONAL FALLS MN CLIMATE SUMMARY FOR THE MONTH OF MARCH 2020...

CLIMATE NORMAL PERIOD 1981 TO 2010
CLIMATE RECORD PERIOD 1895 TO 2020

WEATHER         OBSERVED          NORMAL  DEPART  LAST YEAR`S
                 VALUE   DATE(S)  VALUE   FROM    VALUE  DATE(S)
                                          NORMAL
................................................................
TEMPERATURE (F)
RECORD
 HIGH              79   03/18/2012
 LOW              -38   03/01/1962
HIGHEST            53   03/31        MM      MM       55  03/27
                        03/30
LOWEST            -14   03/21        MM      MM      -26  03/07
AVG. MAXIMUM     38.3              34.7     3.6     32.4
AVG. MINIMUM     12.5              12.5     0.0      8.9
MEAN             25.4              23.6     1.8     20.6
DAYS MAX >= 90      0               0.0     0.0        0
DAYS MAX <= 32     11              11.7    -0.7       12
DAYS MIN <= 32     31              29.4     1.6       29
DAYS MIN <= 0       5               6.2    -1.2        8

PRECIPITATION (INCHES)
RECORD
 MAXIMUM         3.80   2009
 MINIMUM            T   1918
TOTALS           0.78              0.95   -0.17     0.81
DAILY AVG.       0.03              0.03    0.00     0.03
DAYS >= .01        12               8.8     3.2        7
DAYS >= .10         2               2.6    -0.6        3
DAYS >= .50         0               0.3    -0.3        0
DAYS >= 1.00        0               0.0     0.0        0
GREATEST
 24 HR. TOTAL    0.26   03/05 TO 03/05

SNOWFALL (INCHES)
RECORDS
 TOTAL           31.5   1951
TOTALS           12.9               7.6     5.3      5.5
SINCE 7/1        66.0              64.4     1.6     62.3
SNOWDEPTH AVG.     17                10       7       17
DAYS >= 1.0         8               2.7     5.3        2
GREATEST
 SNOW DEPTH        22   03/06                         25  03/10
 24 HR TOTAL      3.6   03/05 TO 03/05

DEGREE_DAYS
HEATING TOTAL    1219              1283     -64     1367
 SINCE 7/1       8478              8866    -388     9250
COOLING TOTAL       0                 0       0        0
 SINCE 1/1          0                 0       0        0
.................................................................

WIND (MPH)
AVERAGE WIND SPEED              7.5
HIGHEST WIND SPEED/DIRECTION    31/300    DATE  03/01
HIGHEST GUST SPEED/DIRECTION    45/290    DATE  03/01

SKY COVER
POSSIBLE SUNSHINE (PERCENT)   MM
AVERAGE SKY COVER           0.40
NUMBER OF DAYS FAIR           14
NUMBER OF DAYS PC             11
NUMBER OF DAYS CLOUDY          6

AVERAGE RH (PERCENT)     64

-  INDICATES NEGATIVE NUMBERS.
R  INDICATES RECORD WAS SET OR TIED.
MM INDICATES DATA IS MISSING.
T  INDICATES TRACE AMOUNT.

$$





USA.gov is the U.S. government's official web portal to all federal, state and local government web resources and services.
  • National Weather Service
  • WSO Pago Pago Weather Service Office
  • Pago Pago, AS
  • (684) 699-9130
  • Page Author: PPG Webmaster
  • Incorrect Region Format!
  • Web Master's E-mail:
  • Page last modified: Mar 10th, 2020 21:02 UTC