000
CXUS51 KCTP 010728
CLMIPT

CLIMATE REPORT
NATIONAL WEATHER SERVICE STATE COLLEGE PA
328 AM EDT WED APR 01 2020

...................................

...THE WILLIAMSPORT PA CLIMATE SUMMARY FOR THE MONTH OF MARCH 2020...

CLIMATE NORMAL PERIOD 1981 TO 2010
CLIMATE RECORD PERIOD 1895 TO 2020

WEATHER         OBSERVED          NORMAL  DEPART   LAST YEAR`S
                VALUE   DATE(S)   VALUE   FROM     VALUE DATE(S)
                                          NORMAL
................................................................
TEMPERATURE (F)
RECORD
 HIGH             87   03/31/1998
                       03/30/1986
 LOW              -5   03/18/1916
HIGHEST           75   03/09                          71  03/15
LOWEST            22   03/08                           6  03/07
AVG. MAXIMUM    53.9               47.9     6.0     47.1
AVG. MINIMUM    34.2               28.6     5.6     27.1
MEAN            44.0               38.2     5.8     37.1
DAYS MAX >= 90     0                0.0     0.0        0
DAYS MAX <= 32     0                1.9    -1.9        2
DAYS MIN <= 32    13               20.4    -7.4       22
DAYS MIN <= 0      0                0.1    -0.1        0

PRECIPITATION (INCHES)
RECORD
 MAXIMUM        8.95   1936
 MINIMUM        0.42   1910
TOTALS          3.13               2.97    0.16     2.13
DAILY AVG.      0.10               0.10    0.00     0.07
DAYS >= .01       16               11.5     4.5       10
DAYS >= .10        8                6.5     1.5        5
DAYS >= .50        1                2.0    -1.0        1
DAYS >= 1.00       0                0.5    -0.5        1
GREATEST
 24 HR. TOTAL   0.74   03/28 TO 03/28               1.09  03/21 TO 03/21

SNOWFALL (INCHES)
RECORDS
 TOTAL          35.6   1916
TOTALS             T                6.9    -6.9      4.6
SINCE 7/1       12.0               34.9   -22.9       MM
SNOWDEPTH AVG.     0                                   0
DAYS >= 1.0        0                1.6    -1.6        1
GREATEST
 SNOW DEPTH        0                                   4  03/04
 24 HR TOTAL       T                                 3.6  03/03 TO 03/03

DEGREE DAYS
HEATING TOTAL    643                829    -186      856
 SINCE 7/1      4636               5296    -660     5078
COOLING TOTAL      0                  0       0        0
 SINCE 1/1         0                  0       0        0
................................................................

WIND (MPH)
AVERAGE WIND SPEED              6.8
HIGHEST WIND SPEED/DIRECTION    32/270    DATE  03/13
HIGHEST GUST SPEED/DIRECTION    46/280    DATE  03/13

SKY COVER
POSSIBLE SUNSHINE (PERCENT)   MM
AVERAGE SKY COVER           0.59
NUMBER OF DAYS FAIR            8
NUMBER OF DAYS PC             11
NUMBER OF DAYS CLOUDY         12


WEATHER CONDITIONS. NUMBER OF DAYS WITH
THUNDERSTORM              1     MIXED PRECIP               0
HEAVY RAIN                1     RAIN                       7
LIGHT RAIN               19     FREEZING RAIN              0
LT FREEZING RAIN          0     HAIL                       0
HEAVY SNOW                0     SNOW                       0
LIGHT SNOW                1     SLEET                      0
FOG                      12     FOG W/VIS <= 1/4 MILE      3
HAZE                      4

-  INDICATES NEGATIVE NUMBERS.
R  INDICATES RECORD WAS SET OR TIED.
MM INDICATES DATA IS MISSING.
T  INDICATES TRACE AMOUNT.

$$



USA.gov is the U.S. government's official web portal to all federal, state and local government web resources and services.
  • National Weather Service
  • WSO Pago Pago Weather Service Office
  • Pago Pago, AS
  • (684) 699-9130
  • Page Author: PPG Webmaster
  • Incorrect Region Format!
  • Web Master's E-mail:
  • Page last modified: Mar 10th, 2020 21:02 UTC