000
CXUS53 KEAX 020449
CLMIRK

CLIMATE REPORT
NATIONAL WEATHER SERVICE
1144 PM CDT THU OCT 01 2020

...................................

...THE KIRKSVILLE MO CLIMATE SUMMARY FOR THE MONTH OF SEPTEMBER 2020...

CLIMATE NORMAL PERIOD: 1981 TO 2010
CLIMATE RECORD PERIOD: 9999 TO 9999

WEATHER         OBSERVED          NORMAL  DEPART   LAST YEAR`S
                VALUE   DATE(S)   VALUE   FROM     VALUE DATE(S)
                                          NORMAL
................................................................
TEMPERATURE (F)
HIGHEST           89   09/05         89       0       94  09/16
LOWEST            45   09/20         37       8       53  09/23
AVG. MAXIMUM    75.3               75.8    -0.5     83.9
AVG. MINIMUM    53.3               53.1     0.2     62.9
MEAN            64.3               64.5    -0.2     73.4
DAYS MAX >= 90     0                1.6    -1.6       10
DAYS MAX <= 32     0                0.0     0.0        0
DAYS MIN <= 32     0                0.2    -0.2        0
DAYS MIN <= 0      0                0.0     0.0        0

PRECIPITATION (INCHES)
TOTALS          3.68               4.11   -0.43    11.34
DAILY AVG.      0.12               0.14   -0.02     0.39
DAYS >= .01        8                9.1    -1.1        8
DAYS >= .10        7                4.9     2.1        6
DAYS >= .50        4                2.5     1.5        5
DAYS >= 1.00       1                1.5    -0.5        3
GREATEST
 24 HR. TOTAL   1.36   09/09 TO 09/10


DEGREE DAYS
HEATING TOTAL     87                100     -13        1
 SINCE 7/1        89                107     -18        2
COOLING TOTAL     74                 83      -9      262
 SINCE 1/1      1062                927     135     1222
................................................................

WIND (MPH)
AVERAGE WIND SPEED              7.4
HIGHEST WIND SPEED/DIRECTION    32/070    DATE  09/07
HIGHEST GUST SPEED/DIRECTION    45/200    DATE  09/06

SKY COVER
POSSIBLE SUNSHINE (PERCENT)   MM
AVERAGE SKY COVER           0.32
NUMBER OF DAYS FAIR           20
NUMBER OF DAYS PC              4
NUMBER OF DAYS CLOUDY          6

AVERAGE RH (PERCENT)     75

WEATHER CONDITIONS. NUMBER OF DAYS WITH
THUNDERSTORM              4     MIXED PRECIP               0
HEAVY RAIN                5     RAIN                       6
LIGHT RAIN                8     FREEZING RAIN              0
LT FREEZING RAIN          0     HAIL                       0
HEAVY SNOW                0     SNOW                       0
LIGHT SNOW                0     SLEET                      0
FOG                      14     FOG W/VIS <= 1/4 MILE      9
HAZE                      0

-  INDICATES NEGATIVE NUMBERS.
R  INDICATES RECORD WAS SET OR TIED.
MM INDICATES DATA IS MISSING.
T  INDICATES TRACE AMOUNT.

$$



USA.gov is the U.S. government's official web portal to all federal, state and local government web resources and services.
  • National Weather Service
  • WSO Pago Pago Weather Service Office
  • Pago Pago, AS
  • (684) 699-9130
  • Page Author: PPG Webmaster
  • Incorrect Region Format!
  • Web Master's E-mail:
  • Page last modified: Mar 10th, 2020 21:02 UTC