000
CXUS53 KEAX 010644 RRA
CLMIRK

CLIMATE REPORT
NATIONAL WEATHER SERVICE
139 AM CDT WED APR 01 2020

...................................

...THE KIRKSVILLE MO CLIMATE SUMMARY FOR THE MONTH OF MARCH 2020...

CLIMATE NORMAL PERIOD: 1981 TO 2010
CLIMATE RECORD PERIOD: 9999 TO 9999

WEATHER         OBSERVED          NORMAL  DEPART   LAST YEAR`S
                VALUE   DATE(S)   VALUE   FROM     VALUE DATE(S)
                                          NORMAL
................................................................
TEMPERATURE (F)
HIGHEST           74   03/28         75      -1       69  03/27
LOWEST            25   03/21         11      14       -4  03/04
AVG. MAXIMUM    55.3               50.9     4.4     46.5
AVG. MINIMUM    36.0               30.5     5.5     27.6
MEAN            45.6               40.7     4.9     36.9
DAYS MAX >= 90     0                0.0     0.0        0
DAYS MAX <= 32     0                2.2    -2.2        5
DAYS MIN <= 32     9               18.4    -9.4       18
DAYS MIN <= 0      0                0.2    -0.2        1

PRECIPITATION (INCHES)
TOTALS          3.94               2.55    1.39     4.15
DAILY AVG.      0.13               0.08    0.05     0.14
DAYS >= .01        9                9.5    -0.5       10
DAYS >= .10        8                5.9     2.1        6
DAYS >= .50        3                1.6     1.4        3
DAYS >= 1.00       1                0.6     0.4        2
GREATEST
 24 HR. TOTAL   1.41   03/09 TO 03/09


DEGREE DAYS
HEATING TOTAL    595                754    -159      779
 SINCE 7/1      4888               5286    -398     5466
COOLING TOTAL      0                  0       0        0
 SINCE 1/1         0                  0       0        0
................................................................

WIND (MPH)
AVERAGE WIND SPEED              10.0
HIGHEST WIND SPEED/DIRECTION    35/290    DATE  03/05
                                35/170          03/28
HIGHEST GUST SPEED/DIRECTION    54/210    DATE  03/28

SKY COVER
POSSIBLE SUNSHINE (PERCENT)   MM
AVERAGE SKY COVER           0.53
NUMBER OF DAYS FAIR           12
NUMBER OF DAYS PC              8
NUMBER OF DAYS CLOUDY         11

AVERAGE RH (PERCENT)     70

WEATHER CONDITIONS. NUMBER OF DAYS WITH
THUNDERSTORM              3     MIXED PRECIP               0
HEAVY RAIN                2     RAIN                       5
LIGHT RAIN                6     FREEZING RAIN              0
LT FREEZING RAIN          0     HAIL                       0
HEAVY SNOW                0     SNOW                       2
LIGHT SNOW                3     SLEET                      0
FOG                      17     FOG W/VIS <= 1/4 MILE      4
HAZE                      1

-  INDICATES NEGATIVE NUMBERS.
R  INDICATES RECORD WAS SET OR TIED.
MM INDICATES DATA IS MISSING.
T  INDICATES TRACE AMOUNT.

$$



USA.gov is the U.S. government's official web portal to all federal, state and local government web resources and services.
  • National Weather Service
  • WSO Pago Pago Weather Service Office
  • Pago Pago, AS
  • (684) 699-9130
  • Page Author: PPG Webmaster
  • Incorrect Region Format!
  • Web Master's E-mail:
  • Page last modified: Mar 10th, 2020 21:02 UTC