000
CXHW53 PHFO 020126
CLMITO


CLIMATE REPORT
NATIONAL WEATHER SERVICE HONOLULU HI
326 PM HST WED APR 1 2020

...................................

...THE HILO HI CLIMATE SUMMARY FOR THE MONTH OF MARCH 2020...

CLIMATE NORMAL PERIOD 1981 TO 2010
CLIMATE RECORD PERIOD 1949 TO 2020

WEATHER         OBSERVED          NORMAL  DEPART  LAST YEAR`S
                 VALUE   DATE(S)  VALUE   FROM    VALUE  DATE(S)
                                          NORMAL
................................................................
TEMPERATURE (F)
RECORD
 HIGH              93   03/23/1972
 LOW               48   03/06/2013
HIGHEST            84   03/16        79       5       82  03/30
                        03/12
LOWEST             63   03/24        65      -2       60  03/17
                                                          03/02
AVG. MAXIMUM     79.6              79.0     0.6     77.9
AVG. MINIMUM     67.4              64.6     2.8     64.1
MEAN             73.5              71.8     1.7     71.0
DAYS MAX >= 90      0               0.0     0.0        0
DAYS MAX <= 32      0               0.0     0.0        0
DAYS MIN <= 32      0               0.0     0.0        0
DAYS MIN <= 0       0               0.0     0.0        0

PRECIPITATION (INCHES)
RECORD
 MAXIMUM        49.93   1980
 MINIMUM         0.88   1972
TOTALS          27.95             13.43   14.52     4.67
DAILY AVG.       0.90              0.43    0.47     0.15
DAYS >= .01        29              21.4     7.6       22
DAYS >= .10        22              14.9     7.1       15
DAYS >= .50        14               6.4     7.6        1
DAYS >= 1.00        6               3.5     2.5        0
GREATEST
 24 HR. TOTAL    9.16   03/03 TO 03/03              0.61

SNOWFALL (INCHES)
RECORDS
 TOTAL             MM   5
TOTALS            0.0               0.0     0.0      0.0
SINCE 7/1         0.0               0.0     0.0      0.0
SNOWDEPTH AVG.     MM                MM      MM        0
DAYS >= 1.0         0               0.0     0.0        0
GREATEST
 SNOW DEPTH        MM                                  0  MM
 24 HR TOTAL      0.0   03/31 TO 03/31               0.0

DEGREE_DAYS
HEATING TOTAL       0                 0       0        0
 SINCE 7/1          0                 0       0        1
COOLING TOTAL     269               211      58      195
 SINCE 1/1        846               581     265      587
.................................................................

WIND (MPH)
AVERAGE WIND SPEED              6.4
HIGHEST WIND SPEED/DIRECTION    24/130    DATE  03/02
HIGHEST GUST SPEED/DIRECTION    30/120    DATE  03/02

SKY COVER
POSSIBLE SUNSHINE (PERCENT)   MM
AVERAGE SKY COVER             MM
NUMBER OF DAYS FAIR            0
NUMBER OF DAYS PC              0
NUMBER OF DAYS CLOUDY          0

AVERAGE RH (PERCENT)     MM

WEATHER CONDITIONS. NUMBER OF DAYS WITH
THUNDERSTORM              0     MIXED PRECIP               0
HEAVY RAIN                0     RAIN                       0
LIGHT RAIN                0     FREEZING RAIN              0
LT FREEZING RAIN          0     HAIL                       0
HEAVY SNOW                0     SNOW                       0
LIGHT SNOW                0     SLEET                      0
FOG                      25     FOG W/VIS <= 1/4 MILE      0
HAZE                     22

-  INDICATES NEGATIVE NUMBERS.
R  INDICATES RECORD WAS SET OR TIED.
MM INDICATES DATA IS MISSING.
T  INDICATES TRACE AMOUNT.

$$


USA.gov is the U.S. government's official web portal to all federal, state and local government web resources and services.
  • National Weather Service
  • WSO Pago Pago Weather Service Office
  • Pago Pago, AS
  • (684) 699-9130
  • Page Author: PPG Webmaster
  • Incorrect Region Format!
  • Web Master's E-mail:
  • Page last modified: Mar 10th, 2020 21:02 UTC