000
CXUS53 KGLD 031635
CLMITR

CLIMATE REPORT
NATIONAL WEATHER SERVICE GOODLAND
929 AM MST TUE MAR 3 2020

...................................

...THE BURLINGTON CLIMATE SUMMARY FOR THE MONTH OF FEBRUARY 2020...

CLIMATE NORMAL PERIOD 1981 TO 2010
CLIMATE RECORD PERIOD 1896 TO 2020

WEATHER         OBSERVED          NORMAL  DEPART  LAST YEAR`S
                 VALUE   DATE(S)  VALUE   FROM    VALUE  DATE(S)
                                          NORMAL
................................................................
TEMPERATURE (F)
RECORD
 HIGH              86   02/10/2017
 LOW              -23   02/05/1982
                        02/08/1936
                        02/09/1933
HIGHEST            77   02/02        69       8       72  02/03
LOWEST             -3   02/05         0      -3       -6  02/07
AVG. MAXIMUM     46.3              44.7     1.6     39.0
AVG. MINIMUM     17.0              18.4    -1.4     12.1
MEAN             31.6              31.6     0.0     25.6
DAYS MAX >= 90      0               0.0     0.0        0
DAYS MAX <= 32      4               4.8    -0.8       10
DAYS MIN <= 32     28              27.2     0.8       28
DAYS MIN <= 0       2               1.1     0.9        3

PRECIPITATION (INCHES)
RECORD
 MAXIMUM         2.74   1960
 MINIMUM         0.00   2006
TOTALS           0.06              0.42   -0.36     0.42
DAILY AVG.       0.00                MM      MM     0.01
DAYS >= .01         4                MM      MM        4
DAYS >= .10         0                MM      MM        3
DAYS >= .50         0                MM      MM        0
DAYS >= 1.00        0                MM      MM        0
GREATEST
 24 HR. TOTAL    0.02   02/24 TO 02/24              0.21
                        02/23 TO 02/23


.................................................................



-  INDICATES NEGATIVE NUMBERS.
R  INDICATES RECORD WAS SET OR TIED.
MM INDICATES DATA IS MISSING.
T  INDICATES TRACE AMOUNT.

$$


USA.gov is the U.S. government's official web portal to all federal, state and local government web resources and services.
  • National Weather Service
  • WSO Pago Pago Weather Service Office
  • Pago Pago, AS
  • (684) 699-9130
  • Page Author: PPG Webmaster
  • Incorrect Region Format!
  • Web Master's E-mail:
  • Page last modified: Mar 10th, 2020 21:02 UTC