000
CXUS52 KJAX 020220
CLMJAX

CLIMATE REPORT
NATIONAL WEATHER SERVICE JACKSONVILLE FL
1020 PM EDT WED APR 01 2020

...................................

...THE JACKSONVILLE CLIMATE SUMMARY FOR THE MONTH OF MARCH 2020...

CLIMATE NORMAL PERIOD: 1981 TO 2010
CLIMATE RECORD PERIOD: 1871 TO 2020

WEATHER         OBSERVED          NORMAL  DEPART   LAST YEAR`S
                VALUE   DATE(S)   VALUE   FROM     VALUE DATE(S)
                                          NORMAL
................................................................
TEMPERATURE (F)
RECORD
 HIGH             94   03/28/2020
 LOW              23   03/03/1980
HIGHEST           94R  03/28         86       8       86  03/15
                                                          03/10
LOWEST            35   03/01         33       2       33  03/06
                       03/08
AVG. MAXIMUM    83.3               73.7     9.6     73.9
AVG. MINIMUM    58.2               49.7     8.5     51.0
MEAN            70.8               61.7     9.1     62.4
DAYS MAX >= 90     5                0.0     5.0        0
DAYS MIN <= 32     0                1.0    -1.0        0

PRECIPITATION (INCHES)
RECORD
 MAXIMUM       12.52   1948
 MINIMUM        0.12   1945
TOTALS          1.73               3.95   -2.22     2.04
DAILY AVG.      0.06               0.13   -0.07     0.07
DAYS >= .01        4                8.0    -4.0       10
DAYS >= .10        2                6.0    -4.0        6
DAYS >= .50        2                2.0     0.0        1
DAYS >= 1.00       1                1.0     0.0        0
GREATEST
 24 HR. TOTAL   1.21   03/05 TO 03/05

SNOWFALL (INCHES)
RECORDS
 TOTAL           0.5   1986
TOTALS           0.0                0.0     0.0      0.0

DEGREE DAYS
HEATING TOTAL     45                156    -111      130
 SINCE 7/1       808               1289    -481      933
COOLING TOTAL    230                 54     176       58
 SINCE 1/1       350                 83     267      152
................................................................

WIND (MPH)
AVERAGE WIND SPEED              6.7
HIGHEST WIND SPEED/DIRECTION    31/240    DATE  03/05
HIGHEST GUST SPEED/DIRECTION    41/240    DATE  03/05

SKY COVER
AVERAGE SKY COVER           0.60

AVERAGE RH (PERCENT)     66

WEATHER CONDITIONS. NUMBER OF DAYS WITH
THUNDERSTORM              2     MIXED PRECIP               0
HEAVY RAIN                2     RAIN                       3
LIGHT RAIN                5     FREEZING RAIN              0
LT FREEZING RAIN          0     HAIL                       0
HEAVY SNOW                0     SNOW                       0
LIGHT SNOW                0     SLEET                      0
FOG                      17     FOG W/VIS <= 1/4 MILE      3
HAZE                      2

-  INDICATES NEGATIVE NUMBERS.
R  INDICATES RECORD WAS SET OR TIED.
MM INDICATES DATA IS MISSING.
T  INDICATES TRACE AMOUNT.

$$



USA.gov is the U.S. government's official web portal to all federal, state and local government web resources and services.
  • National Weather Service
  • WSO Pago Pago Weather Service Office
  • Pago Pago, AS
  • (684) 699-9130
  • Page Author: PPG Webmaster
  • Incorrect Region Format!
  • Web Master's E-mail:
  • Page last modified: Mar 10th, 2020 21:02 UTC