000
CXUS54 KMEG 020130
CLMJBR

CLIMATE REPORT...CORRECTED AGAIN FOR RECORD LOW TEMPERATURE
NATIONAL WEATHER SERVICE MEMPHIS TN
828 PM CDT WED APR 1 2020

...................................

...THE JONESBORO CLIMATE SUMMARY FOR THE MONTH OF MARCH 2020...

CLIMATE NORMAL PERIOD 1981 TO 2010
CLIMATE RECORD PERIOD 1897 TO 2020

WEATHER         OBSERVED          NORMAL  DEPART  LAST YEAR`S
                 VALUE   DATE(S)  VALUE   FROM    VALUE  DATE(S)
                                          NORMAL
................................................................
TEMPERATURE (F)
RECORD
 HIGH              95   03/24/1929
 LOW                1   03/06/1899
HIGHEST            82   03/26        60      22       74  03/28
LOWEST             31   03/07        40      -9       17  03/04
AVG. MAXIMUM     63.2              60.4     2.8     57.1
AVG. MINIMUM     46.6              40.0     6.6     38.1
MEAN             54.9              50.2     4.7     47.6
DAYS MAX >= 90      0               0.0     0.0        0
DAYS MAX <= 32      0               0.0     0.0        1
DAYS MIN <= 32      1               6.3    -5.3        6
DAYS MIN <= 0       0               0.0     0.0        0

PRECIPITATION (INCHES)
RECORD
 MAXIMUM        13.22   2016
 MINIMUM         0.32   1966
TOTALS           6.22              4.50    1.72     4.44
DAILY AVG.       0.20              0.15    0.05     0.14
DAYS >= .01        16                MM      MM       10
DAYS >= .10        12                MM      MM        7
DAYS >= .50         3                MM      MM        2
DAYS >= 1.00        1                MM      MM        1
GREATEST
 24 HR. TOTAL    1.29   03/31 TO 03/31

SNOWFALL (INCHES)
RECORDS
 TOTAL           21.0   1965
TOTALS            0.0               0.7    -0.7        T
SINCE 7/1           T               4.8    -4.8      3.9
SNOWDEPTH AVG.      0                MM      MM        0
DAYS >= 1.0         0                MM      MM        0
GREATEST
 SNOW DEPTH         0   MM                             0  MM
 24 HR TOTAL      0.0   03/31 TO 03/31

DEGREE_DAYS
HEATING TOTAL     322               464    -142      533
 SINCE 7/1       2954              3420    -466     3349
COOLING TOTAL      17                 6      11        0
 SINCE 1/1         17                 6      11        0
.................................................................

WIND (MPH)
AVERAGE WIND SPEED              9.2
HIGHEST WIND SPEED/DIRECTION    36/260    DATE  03/28
HIGHEST GUST SPEED/DIRECTION    74/260    DATE  03/28

SKY COVER
POSSIBLE SUNSHINE (PERCENT)   MM
AVERAGE SKY COVER           0.50
NUMBER OF DAYS FAIR            9
NUMBER OF DAYS PC             11
NUMBER OF DAYS CLOUDY          8

AVERAGE RH (PERCENT)     75

WEATHER CONDITIONS. NUMBER OF DAYS WITH
  0
 12
  0
  0
  0
  0
  2
HAZE                      5

-  INDICATES NEGATIVE NUMBERS.
R  INDICATES RECORD WAS SET OR TIED.
MM INDICATES DATA IS MISSING.
T  INDICATES TRACE AMOUNT.

$$


USA.gov is the U.S. government's official web portal to all federal, state and local government web resources and services.
  • National Weather Service
  • WSO Pago Pago Weather Service Office
  • Pago Pago, AS
  • (684) 699-9130
  • Page Author: PPG Webmaster
  • Incorrect Region Format!
  • Web Master's E-mail:
  • Page last modified: Mar 10th, 2020 21:02 UTC