000
CXUS51 KOKX 011550 RRC
CLMJFK

NYCCLMJFK 000
TTAA00 KOKX 011125


CLIMATE REPORT
NATIONAL WEATHER SERVICE NEW YORK NY
725 AM EDT WED APR 1 2020

...................................

...THE KENNEDY NY CLIMATE SUMMARY FOR THE MONTH OF MARCH 2020...

CLIMATE NORMAL PERIOD 1981 TO 2010
CLIMATE RECORD PERIOD 1948 TO 2020

WEATHER         OBSERVED          NORMAL  DEPART  LAST YEAR`S
                 VALUE   DATE(S)  VALUE   FROM    VALUE  DATE(S)
                                          NORMAL
................................................................
TEMPERATURE (F)
RECORD
 HIGH              85   03/13/1990
 LOW                4   03/26/1960
HIGHEST            73   03/20        MM      MM       59  03/15
LOWEST             25   03/01        MM      MM       18  03/07
AVG. MAXIMUM     54.0              49.0     5.0     46.7
AVG. MINIMUM     38.9              34.2     4.7     33.4
MEAN             46.5              41.6     4.9     40.0
DAYS MAX >= 90      0               0.0     0.0        0
DAYS MAX <= 32      0               0.7    -0.7        1
DAYS MIN <= 32      3              11.0    -8.0       14
DAYS MIN <= 0       0               0.0     0.0        0

PRECIPITATION (INCHES)
RECORD
 MAXIMUM         8.62   2010
 MINIMUM         0.95   1981
TOTALS           3.76              3.78   -0.02     3.96
DAILY AVG.       0.12              0.12    0.00     0.13
DAYS >= .01        12              11.0     1.0        9
DAYS >= .10         6               7.0    -1.0        8
DAYS >= .50         2               2.6    -0.6        5
DAYS >= 1.00        2               1.0     1.0        0
GREATEST
 24 HR. TOTAL    1.28   03/23 TO 03/23           03/10 TO 03/10
                                                          03/02 TO 03/02EATHER         OBSERVED          NORMAL  DEPART  LAST YEAR`S
                                                          03/02 TO 03/02EATHER         OBSERVED          NORMAL  DEPART  LAST YEAR`S
 STORM TOTAL       MM                                 MM
 (MM/DD(HH))            MM                    03/10(00) TO 03/10(00)
                                                 03/02(00) TO 03/02(00)2EATHER         OBSERVED          NORMAL  DEPART  LAST YEAR`S
                                                 03/02(00) TO 03/02(00)2EATHER         OBSERVED          NORMAL  DEPART  LAST YEAR`S

SNOWFALL (INCHES)
RECORDS
 TOTAL           21.1   1960
                        0
                        0
 24 HR TOTAL       MM
TOTALS              T               3.5    -3.5      6.1
 LIQUID EQUIV      MM              0.30      MM     0.61
SINCE 7/1         3.8              23.0   -19.2
 LIQUID 7/1      0.38              2.30             1.47
DAYS >= TRACE       1               2.3    -1.3        5
DAYS >= 1.0         0               1.0    -1.0        2
GREATEST
 SNOW DEPTH         0   MM                             3  03/02
 24 HR TOTAL        T   03/23 TO 03/23           03/02 TO 03/02
                                                          03/02 TO 03/02EATHER         OBSERVED          NORMAL  DEPART  LAST YEAR`S
                                                          03/02 TO 03/02EATHER         OBSERVED          NORMAL  DEPART  LAST YEAR`S
 STORM TOTAL       MM                                 MM
 (MM/DD(HH))            MM                    03/02(00) TO 03/02(00)
                                                 03/02(00) TO 03/02(00)2EATHER         OBSERVED          NORMAL  DEPART  LAST YEAR`S
                                                 03/02(00) TO 03/02(00)2EATHER         OBSERVED          NORMAL  DEPART  LAST YEAR`S

DEGREE_DAYS
HEATING TOTAL     567               725    -158      765
 SINCE 7/1       3777              4236    -459     4256
COOLING TOTAL       0                 0       0        0
 SINCE 1/1          0                 0       0        0
.................................................................

WIND (MPH)
AVERAGE WIND SPEED              12.4
HIGHEST WIND SPEED/DIRECTION    36/340    DATE  03/07
HIGHEST GUST SPEED/DIRECTION    46/260    DATE  03/13

SKY COVER
POSSIBLE SUNSHINE (PERCENT)   MM
AVERAGE SKY COVER           0.70
NUMBER OF DAYS FAIR            4
NUMBER OF DAYS PC             15
NUMBER OF DAYS CLOUDY         12

AVERAGE RH (PERCENT)     66

WEATHER CONDITIONS. NUMBER OF DAYS WITH
  0
  6
  0
  0
  1
  1
  3
HAZE                      1

-  INDICATES NEGATIVE NUMBERS.
R  INDICATES RECORD WAS SET OR TIED.
MM INDICATES DATA IS MISSING.
T  INDICATES TRACE AMOUNT.

$$


USA.gov is the U.S. government's official web portal to all federal, state and local government web resources and services.
  • National Weather Service
  • WSO Pago Pago Weather Service Office
  • Pago Pago, AS
  • (684) 699-9130
  • Page Author: PPG Webmaster
  • Incorrect Region Format!
  • Web Master's E-mail:
  • Page last modified: Mar 10th, 2020 21:02 UTC