000
CXUS53 KJKL 011541
CLMJKL

CLIMATE REPORT
NATIONAL WEATHER SERVICE JACKSON KY

1141 AM EDT WED APR 1 2020

...................................

...THE JACKSON KY CLIMATE SUMMARY FOR THE MONTH OF MARCH 2020...

CLIMATE NORMAL PERIOD 1981 TO 2010
CLIMATE RECORD PERIOD 1981 TO 2020

WEATHER         OBSERVED          NORMAL  DEPART  LAST YEAR`S
                 VALUE   DATE(S)  VALUE   FROM    VALUE  DATE(S)
                                          NORMAL
................................................................
TEMPERATURE (F)
RECORD
 HIGH              87   03/28/1989
 LOW                7   03/09/1996
HIGHEST            84   03/28        79       5       79  03/30
LOWEST             29   03/01        18      11       13  03/06
                                                          03/05
AVG. MAXIMUM     62.6              57.5     5.1     54.7
AVG. MINIMUM     45.2              37.3     7.9     34.4
MEAN             53.9              47.4     6.5     44.5
DAYS MAX >= 90      0               0.0     0.0        0
DAYS MAX <= 32      0               0.6    -0.6        2
DAYS MIN <= 32      1              10.8    -9.8       14
DAYS MIN <= 0       0               0.0     0.0        0

PRECIPITATION (INCHES)
RECORD
 MAXIMUM        11.78   1994
 MINIMUM         1.47   2003
TOTALS           9.42              4.12    5.30     2.40
DAILY AVG.       0.30              0.13    0.17     0.08
DAYS >= .01        19              14.0     5.0        9
DAYS >= .10        14               8.5     5.5        5
DAYS >= .50         9               2.7     6.3        1
DAYS >= 1.00        3               0.9     2.1        0
GREATEST
 24 HR. TOTAL    1.78   03/20 TO 03/20              0.90

SNOWFALL (INCHES)
RECORDS
 TOTAL           21.9   1993
TOTALS              T               2.9    -2.9      2.3
SINCE 7/1         6.6              22.5   -15.9     10.4
SNOWDEPTH AVG.      0                MM      MM        0
DAYS >= 1.0         0               0.7    -0.7        1
GREATEST
 SNOW DEPTH         0   MM                             1
 24 HR TOTAL        T   03/07 TO 03/07               1.6

DEGREE_DAYS
HEATING TOTAL     360               553    -193      626
 SINCE 7/1       3189              3853    -664     3776
COOLING TOTAL      24                 7      17        0
 SINCE 1/1         24                 7      17        0
.................................................................

WIND (MPH)
AVERAGE WIND SPEED              5.0
HIGHEST WIND SPEED/DIRECTION    23/280    DATE  03/03
HIGHEST GUST SPEED/DIRECTION    41/210    DATE  03/29

SKY COVER
POSSIBLE SUNSHINE (PERCENT)   MM
AVERAGE SKY COVER           0.50
NUMBER OF DAYS FAIR           11
NUMBER OF DAYS PC              6
NUMBER OF DAYS CLOUDY         14

AVERAGE RH (PERCENT)     67

WEATHER CONDITIONS. NUMBER OF DAYS WITH
THUNDERSTORM              5     MIXED PRECIP               0
HEAVY RAIN                8     RAIN                      15
LIGHT RAIN               21     FREEZING RAIN              0
LT FREEZING RAIN          0     HAIL                       0
HEAVY SNOW                0     SNOW                       0
LIGHT SNOW                2     SLEET                      0
FOG                      21     FOG W/VIS <= 1/4 MILE      7
HAZE                      0

-  INDICATES NEGATIVE NUMBERS.
R  INDICATES RECORD WAS SET OR TIED.
MM INDICATES DATA IS MISSING.
T  INDICATES TRACE AMOUNT.

$$


USA.gov is the U.S. government's official web portal to all federal, state and local government web resources and services.
  • National Weather Service
  • WSO Pago Pago Weather Service Office
  • Pago Pago, AS
  • (684) 699-9130
  • Page Author: PPG Webmaster
  • Incorrect Region Format!
  • Web Master's E-mail:
  • Page last modified: Mar 10th, 2020 21:02 UTC