000
CXUS53 KSGF 011120 CCA
CLMJLN

STLCLMJLN 000
TTAA00 KSGF 011052


CLIMATE REPORT
NATIONAL WEATHER SERVICE SPRINGFIELD MO
551 AM CDT THU AUG 1 2019

...................................

...THE JOPLIN CLIMATE SUMMARY FOR THE MONTH OF JULY 2019...

CLIMATE NORMAL PERIOD 1981 TO 2010
CLIMATE RECORD PERIOD 1902 TO 2019

WEATHER         OBSERVED          NORMAL  DEPART
                 VALUE   DATE(S)  VALUE   FROM
                                          NORMAL
................................................
TEMPERATURE (F)
RECORD
 HIGH             115   07/14/1954
 LOW               50   07/16/2014
                        07/03/2014
                        07/13/1975
HIGHEST            95   07/20        90       5
LOWEST             57   07/24        70     -13
AVG. MAXIMUM     88.0              90.6    -2.6
AVG. MINIMUM     68.8              69.9    -1.1
MEAN             78.4              80.2    -1.8
DAYS MAX >= 90      9              17.9    -8.9
DAYS MAX <= 32      0               0.0     0.0
DAYS MIN <= 32      0               0.0     0.0
DAYS MIN <= 0       0               0.0     0.0

PRECIPITATION (INCHES)
RECORD
 MAXIMUM        14.65   1958
 MINIMUM            T   2012
TOTALS           6.27              3.81    2.46
DAILY AVG.       0.20              0.12    0.08
DAYS >= .01        10               8.4     1.6
DAYS >= .10         6               5.3     0.7
DAYS >= .50         5               2.5     2.5
DAYS >= 1.00        3               1.2     1.8
GREATEST
 24 HR. TOTAL    1.95   07/06 TO 07/06

SNOWFALL (INCHES)
TOTALS          MM
SINCE 7/1       MM
DAYS >= TRACE   MM

DEGREE_DAYS
HEATING TOTAL       0                 0       0
 SINCE 7/1          0                 0       0
COOLING TOTAL     423               473     -50
 SINCE 1/1        851               971    -120
.................................................

WIND (MPH)
AVERAGE WIND SPEED              6.9
HIGHEST WIND SPEED/DIRECTION    32/020    DATE  07/10
HIGHEST GUST SPEED/DIRECTION    49/290    DATE  07/06

SKY COVER
POSSIBLE SUNSHINE (PERCENT)   MM
AVERAGE SKY COVER           0.20
NUMBER OF DAYS FAIR           26
NUMBER OF DAYS PC              4
NUMBER OF DAYS CLOUDY          1

AVERAGE RH (PERCENT)     75

WEATHER CONDITIONS. NUMBER OF DAYS WITH
  0
  7
  0
  0
  0
  0
  1
HAZE                      6

-  INDICATES NEGATIVE NUMBERS.
R  INDICATES RECORD WAS SET OR TIED.
MM INDICATES DATA IS MISSING.
T  INDICATES TRACE AMOUNT.

$$



USA.gov is the U.S. government's official web portal to all federal, state and local government web resources and services.
  • National Weather Service
  • WSO Pago Pago Weather Service Office
  • Pago Pago, AS
  • (684) 699-9130
  • Page Author: PPG Webmaster
  • Incorrect Region Format!
  • Web Master's E-mail:
  • Page last modified: Mar 10th, 2020 21:02 UTC