000
CXUS53 KGRR 010955
CLMJXN


CLIMATE REPORT
NATIONAL WEATHER SERVICE GRAND RAPIDS, MI
518 AM EDT WED APR 1 2020

...................................

...THE JACKSON MI CLIMATE SUMMARY FOR THE MONTH OF MARCH 2020...

CLIMATE NORMAL PERIOD 1981 TO 2010
CLIMATE RECORD PERIOD 1944 TO 9999

WEATHER         OBSERVED          NORMAL  DEPART  LAST YEAR`S
                 VALUE   DATE(S)  VALUE   FROM    VALUE  DATE(S)
                                          NORMAL
................................................................
TEMPERATURE (F)
HIGHEST            63   03/20        MM      MM       67  03/28
LOWEST             17   03/07        MM      MM        7  03/05
                                                          03/04
AVG. MAXIMUM     48.2              45.3     2.9     41.8
AVG. MINIMUM     30.9              26.0     4.9     23.7
MEAN             39.5              35.7     3.8     32.8
DAYS MAX >= 90      0               0.0     0.0        0
DAYS MAX <= 32      0               3.9    -3.9        5
DAYS MIN <= 32     18              22.7    -4.7       27
DAYS MIN <= 0       0               0.1    -0.1        0

PRECIPITATION (INCHES)
TOTALS           3.95              1.90    2.05     2.04
DAILY AVG.       0.13              0.06    0.07     0.07
DAYS >= .01        17              10.8     6.2        8
DAYS >= .10         7               4.9     2.1        5
DAYS >= .50         1               1.0     0.0        1
DAYS >= 1.00        1               0.2     0.8        0
GREATEST
 24 HR. TOTAL    2.25   03/28 TO 03/28

DEGREE_DAYS
HEATING TOTAL     757               910    -153      990
 SINCE 7/1       5301              5824    -523     5885
COOLING TOTAL       0                 0       0        0
 SINCE 1/1          0                 0       0        0
.................................................................

WIND (MPH)
AVERAGE WIND SPEED              8.9
RESULTANT WIND SPEED/DIRECTION   3/218
HIGHEST WIND SPEED/DIRECTION    35/240    DATE  03/29
HIGHEST GUST SPEED/DIRECTION    58/220    DATE  03/29

SKY COVER
POSSIBLE SUNSHINE (PERCENT)   MM
AVERAGE SKY COVER           0.60
NUMBER OF DAYS FAIR            6
NUMBER OF DAYS PC             13
NUMBER OF DAYS CLOUDY         12

AVERAGE RH (PERCENT)     71

WEATHER CONDITIONS. NUMBER OF DAYS WITH
THUNDERSTORM              2     MIXED PRECIP                0
HEAVY RAIN                1     RAIN                        4
LIGHT RAIN               12     FREEZING RAIN               0
LT FREEZING RAIN          0     HAIL                        0
HEAVY SNOW                0     SNOW                        0
LIGHT SNOW                4     SLEET                       0
FOG                      22     FOG W/VIS <= 1/4 MILE       0
HAZE                      6     BLOWING SNOW                0
TORNADO                   0

-  INDICATES NEGATIVE NUMBERS.
R  INDICATES RECORD WAS SET OR TIED.
MM INDICATES DATA IS MISSING.
T  INDICATES TRACE AMOUNT.

$$



USA.gov is the U.S. government's official web portal to all federal, state and local government web resources and services.
  • National Weather Service
  • WSO Pago Pago Weather Service Office
  • Pago Pago, AS
  • (684) 699-9130
  • Page Author: PPG Webmaster
  • Incorrect Region Format!
  • Web Master's E-mail:
  • Page last modified: Mar 10th, 2020 21:02 UTC