000
CXUS53 KIND 011507
CLMLAF

CLIMATE REPORT
NATIONAL WEATHER SERVICE INDIANAPOLIS IN
1107 AM EDT WED APR 01 2020

...................................

...THE LAFAYETTE IN CLIMATE SUMMARY FOR THE MONTH OF MARCH 2020...

CLIMATE NORMAL PERIOD 1981 TO 2010
CLIMATE RECORD PERIOD 9999 TO 9999

WEATHER         OBSERVED          NORMAL  DEPART   LAST YEAR`S
                VALUE   DATE(S)   VALUE   FROM     VALUE DATE(S)
                                          NORMAL
................................................................
TEMPERATURE (F)
HIGHEST           74   03/28                          72  03/14
LOWEST            18R  03/07                          -2  03/04
AVG. MAXIMUM    55.5               50.3     5.2     45.5
AVG. MINIMUM    37.2               31.3     5.9     26.1
MEAN            46.3               40.8     5.5     35.8
DAYS MAX >= 90     0                0.0     0.0        0
DAYS MAX <= 32     0                1.9    -1.9        5
DAYS MIN <= 32     8               16.4    -8.4       23
DAYS MIN <= 0      0                0.0     0.0        1

PRECIPITATION (INCHES)
TOTALS          3.08               2.67    0.41     4.31
DAILY AVG.      0.10               0.09    0.01     0.14
DAYS >= .01       15               10.9     4.1       12
DAYS >= .10       10                5.7     4.3        5
DAYS >= .50        2                1.4     0.6        4
DAYS >= 1.00       0                0.3    -0.3        2
GREATEST
 24 HR. TOTAL   0.78   03/18 TO 03/19


DEGREE DAYS
HEATING TOTAL    571                751    -180      896
 SINCE 7/1      4649               5086    -437     5413
COOLING TOTAL      0                  1      -1        0
 SINCE 1/1         0                  1      -1        0
................................................................

WIND (MPH)
AVERAGE WIND SPEED              8.5
HIGHEST WIND SPEED/DIRECTION    38/260    DATE  03/29
HIGHEST GUST SPEED/DIRECTION    52/260    DATE  03/29

SKY COVER
POSSIBLE SUNSHINE (PERCENT)   MM
AVERAGE SKY COVER           0.63
NUMBER OF DAYS FAIR            7
NUMBER OF DAYS PC              9
NUMBER OF DAYS CLOUDY         15

AVERAGE RH (PERCENT)     71

WEATHER CONDITIONS. NUMBER OF DAYS WITH
THUNDERSTORM              1     MIXED PRECIP               0
HEAVY RAIN                2     RAIN                       5
LIGHT RAIN               16     FREEZING RAIN              0
LT FREEZING RAIN          0     HAIL                       0
HEAVY SNOW                0     SNOW                       2
LIGHT SNOW                3     SLEET                      0
FOG                      18     FOG W/VIS <= 1/4 MILE      1
HAZE                     10

-  INDICATES NEGATIVE NUMBERS.
R  INDICATES RECORD WAS SET OR TIED.
MM INDICATES DATA IS MISSING.
T  INDICATES TRACE AMOUNT.

$$



USA.gov is the U.S. government's official web portal to all federal, state and local government web resources and services.
  • National Weather Service
  • WSO Pago Pago Weather Service Office
  • Pago Pago, AS
  • (684) 699-9130
  • Page Author: PPG Webmaster
  • Incorrect Region Format!
  • Web Master's E-mail:
  • Page last modified: Mar 10th, 2020 21:02 UTC