000
CXUS55 KVEF 040855
CLMLAS

CLIMATE REPORT
NATIONAL WEATHER SERVICE LAS VEGAS, NV
1238 AM PST WED MAR 4 2020

...................................

...THE LAS VEGAS NV CLIMATE SUMMARY FOR THE MONTH OF FEBRUARY 2020...

CLIMATE NORMAL PERIOD 1981 TO 2010
CLIMATE RECORD PERIOD 1937 TO 2020

WEATHER         OBSERVED          NORMAL  DEPART  LAST YEAR`S
                 VALUE   DATE(S)  VALUE   FROM    VALUE  DATE(S)
                                          NORMAL
................................................................
TEMPERATURE (F)
RECORD
 HIGH              87   02/26/1986
 LOW               16   02/07/1989
HIGHEST            77   02/02        75       2       74  02/28
LOWEST             31   02/05        29       2       32  02/23
                                                          02/20
                                                          02/08
AVG. MAXIMUM     64.3              62.5     1.8     55.9
AVG. MINIMUM     43.5              43.4     0.1     39.3
MEAN             53.9              52.9     1.0     47.6
DAYS MAX >= 90      0               0.0     0.0        0
DAYS MAX <= 32      0               0.0     0.0        0
DAYS MIN <= 32      1               1.1    -0.1        3
DAYS MIN <= 0       0               0.0     0.0        0

PRECIPITATION (INCHES)
RECORD
 MAXIMUM         2.89   1998
 MINIMUM         0.00   1977
                        1967
                        1956
                        1953
TOTALS           0.30              0.76   -0.46     2.05
DAILY AVG.       0.01                MM      MM     0.07
DAYS >= .01         4               4.0     0.0       10
DAYS >= .10         1               2.0    -1.0        5
DAYS >= .50         0               0.5    -0.5        1
DAYS >= 1.00        0               0.0     0.0        1
GREATEST
 24 HR. TOTAL    0.18   02/22 TO 02/22

SNOWFALL (INCHES)
RECORDS
 TOTAL            4.1   1939
 24 HR TOTAL      4.1
TOTALS            0.0               0.1    -0.1      0.8
SINCE 7/1         0.0
SNOWDEPTH AVG.      0
DAYS >= TRACE       0
DAYS >= 1.0         0
GREATEST
 SNOW DEPTH         0
 24 HR TOTAL      0.0   02/29 TO 02/29
 STORM TOTAL       MM
 (MM/DD(HH))

DEGREE_DAYS
HEATING TOTAL     314               339     -25      481
 SINCE 7/1       1518              1700    -182     1616
COOLING TOTAL       0                 1      -1        1
 SINCE 1/1          0                 1      -1        1

FREEZE DATES
RECORD
 EARLIEST     10/21/1949
 LATEST       04/12/1967
EARLIEST                        12/03
LATEST                          02/04
.................................................................

WIND (MPH)
AVERAGE WIND SPEED              6.7
HIGHEST WIND SPEED/DIRECTION    38/350    DATE  02/02
HIGHEST GUST SPEED/DIRECTION    50/350    DATE  02/03

SKY COVER
POSSIBLE SUNSHINE (PERCENT)   MM
AVERAGE SKY COVER           0.30
NUMBER OF DAYS FAIR           16
NUMBER OF DAYS PC             12
NUMBER OF DAYS CLOUDY          1

AVERAGE RH (PERCENT)     30

WEATHER CONDITIONS. NUMBER OF DAYS WITH
THUNDERSTORM              1    MIXED PRECIP                0
HEAVY RAIN                0    RAIN                        2
LIGHT RAIN                4    FREEZING RAIN               0
LT FREEZING RAIN          0    HAIL                        0
HEAVY SNOW                0    SNOW                        0
LIGHT SNOW                0    SLEET                       0
FOG                       0    FOG W/VIS <= 1/4 MILE       0
HAZE                      1

-  INDICATES NEGATIVE NUMBERS.
R  INDICATES RECORD WAS SET OR TIED.
MM INDICATES DATA IS MISSING.
T  INDICATES TRACE AMOUNT.

$$


USA.gov is the U.S. government's official web portal to all federal, state and local government web resources and services.
  • National Weather Service
  • WSO Pago Pago Weather Service Office
  • Pago Pago, AS
  • (684) 699-9130
  • Page Author: PPG Webmaster
  • Incorrect Region Format!
  • Web Master's E-mail:
  • Page last modified: Mar 10th, 2020 21:02 UTC