000
CXUS54 KOUN 011351
CLMLAW

CLIMATE REPORT
NATIONAL WEATHER SERVICE NORMAN OK
735 AM CST SUN MAR 1 2020

...................................

...THE LAWTON CLIMATE SUMMARY FOR THE MONTH OF FEBRUARY 2020...

CLIMATE NORMAL PERIOD 1981 TO 2010
CLIMATE RECORD PERIOD 1912 TO 2020

WEATHER         OBSERVED          NORMAL  DEPART  LAST YEAR`S
                 VALUE   DATE(S)  VALUE   FROM    VALUE
                                          NORMAL
.............................................................
TEMPERATURE (F)
RECORD
 HIGH              97   02/08/1943
 LOW               -3   02/08/1933
HIGHEST            80                78       2       78
LOWEST             13                15      -2       17
AVG. MAXIMUM     56.5              58.0    -1.5
AVG. MINIMUM     30.4              32.3    -1.9     34.1
MEAN             43.5              45.1    -1.6     44.6
DAYS MAX >= 90      0               0.0     0.0        0
DAYS MAX <= 32      0               0.5    -0.5        0
DAYS MIN <= 32     15              14.1     0.9       13
DAYS MIN <= 0       0               0.0     0.0        0

PRECIPITATION (INCHES)
RECORD
 MAXIMUM         4.96   1938
 MINIMUM         0.00   1996
                        1976
                        1926
TOTALS           0.80              1.34   -0.54
DAILY AVG.       0.03                               0.00
DAYS >= .01         5               4.9     0.1        3
DAYS >= .10         3               3.0     0.0        0
DAYS >= .50         0               1.1    -1.1        0
DAYS >= 1.00        0               0.4    -0.4        0
GREATEST
 24 HR. TOTAL    0.32   02/11 TO 02/12

SNOWFALL (INCHES)
TOTALS            3.4
SINCE 7/1         3.4

DEGREE_DAYS
HEATING TOTAL     620               557      63      562
 SINCE 7/1       2618              2634     -16     2737
..............................................................

WIND (MPH)
AVERAGE WIND SPEED              10.2
HIGHEST WIND SPEED/DIRECTION    31/350    DATE  02/26
HIGHEST GUST SPEED/DIRECTION    41/020    DATE  02/09


WEATHER CONDITIONS. NUMBER OF DAYS WITH
THUNDERSTORM              0     MIXED PRECIP               0
HEAVY RAIN                0     RAIN                       2
LIGHT RAIN                4     FREEZING RAIN              0
LT FREEZING RAIN          1     HAIL                       0
HEAVY SNOW                0     SNOW                       1
LIGHT SNOW                1     SLEET                      0
FOG                       8     FOG W/VIS <= 1/4 MILE      1
HAZE                      0

-  INDICATES NEGATIVE NUMBERS.
R  INDICATES RECORD WAS SET OR TIED.
MM INDICATES DATA IS MISSING.
T  INDICATES TRACE AMOUNT.
..............................................................
RECORDS/REMARKS
THE JANUARY THROUGH FEBRUARY 2019 TOTAL PRECIPITATION IS 3.60 INCHES

$$


USA.gov is the U.S. government's official web portal to all federal, state and local government web resources and services.
  • National Weather Service
  • WSO Pago Pago Weather Service Office
  • Pago Pago, AS
  • (684) 699-9130
  • Page Author: PPG Webmaster
  • Incorrect Region Format!
  • Web Master's E-mail:
  • Page last modified: Mar 10th, 2020 21:02 UTC