000
CXUS53 KLBF 011245
CLMLBF


CLIMATE REPORT
NATIONAL WEATHER SERVICE NORTH PLATTE
635 AM CST SUN MAR 1 2020

...................................

...THE NORTH PLATTE NE CLIMATE SUMMARY FOR THE MONTH OF FEBRUARY 2020...

CLIMATE NORMAL PERIOD 1981 TO 2010
CLIMATE RECORD PERIOD 1874 TO 2020

WEATHER         OBSERVED          NORMAL  DEPART  LAST YEAR`S
                 VALUE   DATE(S)  VALUE   FROM    VALUE  DATE(S)
                                          NORMAL
................................................................
TEMPERATURE (F)
RECORD
 HIGH              79   02/21/2017
 LOW              -35   02/12/1899
HIGHEST            74   02/02        66       8       64  02/13
                                                          02/01
LOWEST             -9   02/20        -5      -4       -9  02/08
AVG. MAXIMUM     46.3              43.0     3.3     29.6
AVG. MINIMUM     15.1              15.0     0.1      6.8
MEAN             30.7              29.0     1.7     18.2
DAYS MAX >= 90      0               0.0     0.0        0
DAYS MAX <= 32      3               6.2    -3.2       21
DAYS MIN <= 32     29              27.3     1.7       28
DAYS MIN <= 0       2               2.9    -0.9       10

PRECIPITATION (INCHES)
RECORD
 MAXIMUM         1.98   1978
 MINIMUM            T   1996
TOTALS           0.35              0.50   -0.15     0.63
DAILY AVG.       0.01                MM      MM     0.02
DAYS >= .01         6               5.1     0.9        7
DAYS >= .10         2               1.6     0.4        2
DAYS >= .50         0               0.1    -0.1        0
DAYS >= 1.00        0               0.0     0.0        0
GREATEST
 24 HR. TOTAL    0.17   02/25 TO 02/25           02/15 TO 02/15

SNOWFALL (INCHES)
RECORDS
 TOTAL           20.6   1978
TOTALS            7.0               5.3     1.7      8.9
SINCE 7/1        25.3              20.9     4.4     20.4
SNOWDEPTH AVG.      0                MM      MM        2
DAYS >= 1.0         2               1.8     0.2        3
GREATEST
 SNOW DEPTH         4   02/20                          6  02/24
                                                          02/23
                                                          02/21
 24 HR TOTAL      4.1   02/19 TO 02/19

DEGREE_DAYS
HEATING TOTAL     988              1008     -20     1301
 SINCE 7/1       4719              5060    -341     5143
COOLING TOTAL       0                 0       0        0
 SINCE 1/1          0                 0       0        0
.................................................................

WIND (MPH)
AVERAGE WIND SPEED              9.0
HIGHEST WIND SPEED/DIRECTION    36/060    DATE  02/03
HIGHEST GUST SPEED/DIRECTION    50/060    DATE  02/03

SKY COVER
POSSIBLE SUNSHINE (PERCENT)   MM
AVERAGE SKY COVER           0.40
NUMBER OF DAYS FAIR           14
NUMBER OF DAYS PC             10
NUMBER OF DAYS CLOUDY          5

AVERAGE RH (PERCENT)     61

-  INDICATES NEGATIVE NUMBERS.
R  INDICATES RECORD WAS SET OR TIED.
MM INDICATES DATA IS MISSING.
T  INDICATES TRACE AMOUNT.

$$



USA.gov is the U.S. government's official web portal to all federal, state and local government web resources and services.
  • National Weather Service
  • WSO Pago Pago Weather Service Office
  • Pago Pago, AS
  • (684) 699-9130
  • Page Author: PPG Webmaster
  • Incorrect Region Format!
  • Web Master's E-mail:
  • Page last modified: Mar 10th, 2020 21:02 UTC