000
CXUS54 KLCH 012352
CLMLCH


CLIMATE REPORT
NATIONAL WEATHER SERVICE LAKE CHARLES, LA
551 PM CST WED JAN 1 2020

...................................

...THE LAKE CHARLES CLIMATE SUMMARY FOR THE MONTH OF DECEMBER 2019...

CLIMATE NORMAL PERIOD 1981 TO 2010
CLIMATE RECORD PERIOD 1895 TO 2019

WEATHER         OBSERVED          NORMAL  DEPART  LAST YEAR`S
                 VALUE   DATE(S)  VALUE   FROM    VALUE  DATE(S)
                                          NORMAL
................................................................
TEMPERATURE (F)
RECORD
 HIGH              89   12/03/1912
 LOW               11   12/23/1989
HIGHEST            81   12/16        MM      MM       81  12/02
                        12/06
LOWEST             32   12/19        MM      MM       34  12/11
AVG. MAXIMUM     68.9              63.5     5.4     64.9
AVG. MINIMUM     46.8              44.1     2.7     47.0
MEAN             57.9              53.8     4.1     56.0
DAYS MAX >= 90      0               0.0     0.0        0
DAYS MAX <= 32      0               0.1    -0.1        0
DAYS MIN <= 32      1               3.3    -2.3        0
DAYS MIN <= 0       0               0.0     0.0        0

PRECIPITATION (INCHES)
RECORD
 MAXIMUM        13.27   1967
 MINIMUM         0.98   2019
TOTALS           0.98R             4.68   -3.70     7.04
DAILY AVG.       0.03              0.15   -0.12     0.23
DAYS >= .01         4               9.7    -5.7       12
DAYS >= .10         3               6.3    -3.3        8
DAYS >= .50         0               2.8    -2.8        4
DAYS >= 1.00        0               1.4    -1.4        4
GREATEST
 24 HR. TOTAL    0.33   12/16 TO 12/16

SNOWFALL (INCHES)
RECORDS
 TOTAL             MM   5
TOTALS            0.0                 T     0.0      0.0
SINCE 7/1         0.0                 T     0.0      0.0
SNOWDEPTH AVG.      0                MM      MM        0
DAYS >= 1.0         0               0.0     0.0        0
GREATEST
 SNOW DEPTH         0   MM                             0  MM
 24 HR TOTAL      0.0   12/31 TO 12/31

DEGREE_DAYS
HEATING TOTAL     236               367    -131      275
 SINCE 7/1        481               574     -93      514
.................................................................

WIND (MPH)
AVERAGE WIND SPEED              7.3
HIGHEST WIND SPEED/DIRECTION    31/040    DATE  12/10
HIGHEST GUST SPEED/DIRECTION    43/040    DATE  12/10

SKY COVER
POSSIBLE SUNSHINE (PERCENT)   MM
AVERAGE SKY COVER           0.40
NUMBER OF DAYS FAIR           16
NUMBER OF DAYS PC              9
NUMBER OF DAYS CLOUDY          6

AVERAGE RH (PERCENT)     70

WEATHER CONDITIONS. NUMBER OF DAYS WITH
  0
  2
  0
  0
  0
  0
  7
HAZE                      5

-  INDICATES NEGATIVE NUMBERS.
R  INDICATES RECORD WAS SET OR TIED.
MM INDICATES DATA IS MISSING.
T  INDICATES TRACE AMOUNT.

$$


USA.gov is the U.S. government's official web portal to all federal, state and local government web resources and services.
  • National Weather Service
  • WSO Pago Pago Weather Service Office
  • Pago Pago, AS
  • (684) 699-9130
  • Page Author: PPG Webmaster
  • Incorrect Region Format!
  • Web Master's E-mail:
  • Page last modified: Mar 10th, 2020 21:02 UTC