000
CXUS51 KOKX 011551
CLMLGA

NYCCLMLGA 000
TTAA00 KOKX 011125


CLIMATE REPORT
NATIONAL WEATHER SERVICE NEW YORK NY
725 AM EDT WED APR 1 2020

...................................

...THE LAGUARDIA NY CLIMATE SUMMARY FOR THE MONTH OF MARCH 2020...

CLIMATE NORMAL PERIOD 1981 TO 2010
CLIMATE RECORD PERIOD 1939 TO 2020

WEATHER         OBSERVED          NORMAL  DEPART  LAST YEAR`S
                 VALUE   DATE(S)  VALUE   FROM    VALUE  DATE(S)
                                          NORMAL
................................................................
TEMPERATURE (F)
RECORD
 HIGH              86   03/29/1945
 LOW                7   03/04/1943
HIGHEST            78   03/20        MM      MM       72  03/15
LOWEST             26   03/01        MM      MM       19  03/07
                                                          03/06
AVG. MAXIMUM     54.8              49.8     5.0     48.0
AVG. MINIMUM     41.4              34.6     6.8     34.4
MEAN             48.1              42.2     5.9     41.2
DAYS MAX >= 90      0               0.0     0.0        0
DAYS MAX <= 32      0               0.8    -0.8        2
DAYS MIN <= 32      1              10.1    -9.1        9
DAYS MIN <= 0       0               0.0     0.0        0

PRECIPITATION (INCHES)
RECORD
 MAXIMUM         9.55   2010
 MINIMUM         0.74   2006
TOTALS           3.91              3.97   -0.06     3.64
DAILY AVG.       0.13              0.13    0.00     0.12
DAYS >= .01        12              10.7     1.3        9
DAYS >= .10         7               6.8     0.2        8
DAYS >= .50         2               2.6    -0.6        4
DAYS >= 1.00        2               1.0     1.0        0
GREATEST
 24 HR. TOTAL    1.44   03/23 TO 03/23           03/21 TO 03/22
                                                          03/04 TO 03/04EATHER         OBSERVED          NORMAL  DEPART  LAST YEAR`S
                                                          03/04 TO 03/04EATHER         OBSERVED          NORMAL  DEPART  LAST YEAR`S
 STORM TOTAL       MM                                 MM
 (MM/DD(HH))            MM                    03/22(00) TO 03/22(00)
                                                 03/04(00) TO 03/04(00)4EATHER         OBSERVED          NORMAL  DEPART  LAST YEAR`S
                                                 03/04(00) TO 03/04(00)4EATHER         OBSERVED          NORMAL  DEPART  LAST YEAR`S

SNOWFALL (INCHES)
RECORDS
 TOTAL           18.9   1958
                        0
                        0
 24 HR TOTAL       MM
TOTALS              T               4.4    -4.4      9.9
 LIQUID EQUIV      MM              0.40      MM     0.99
SINCE 7/1         4.6              26.4   -21.8     18.2
 LIQUID 7/1      0.46              2.60             1.82
DAYS >= TRACE       1               2.1    -1.1        7
DAYS >= 1.0         0               1.2    -1.2        4
GREATEST
 SNOW DEPTH         0   MM                             5  03/04
 24 HR TOTAL        T   03/23 TO 03/23           03/03 TO 03/04
                                                          03/04 TO 03/04EATHER         OBSERVED          NORMAL  DEPART  LAST YEAR`S
                                                          03/04 TO 03/04EATHER         OBSERVED          NORMAL  DEPART  LAST YEAR`S
 STORM TOTAL       MM                                 MM
 (MM/DD(HH))            MM                    03/04(00) TO 03/04(00)
                                                 03/04(00) TO 03/04(00)4EATHER         OBSERVED          NORMAL  DEPART  LAST YEAR`S
                                                 03/04(00) TO 03/04(00)4EATHER         OBSERVED          NORMAL  DEPART  LAST YEAR`S

DEGREE_DAYS
HEATING TOTAL     516               707    -191      730
 SINCE 7/1       3599              4136    -537     4089
COOLING TOTAL       0                 0       0        0
 SINCE 1/1          0                 0       0        0
.................................................................

WIND (MPH)
AVERAGE WIND SPEED              11.7
HIGHEST WIND SPEED/DIRECTION    33/310    DATE  03/14
HIGHEST GUST SPEED/DIRECTION    47/260    DATE  03/04

SKY COVER
POSSIBLE SUNSHINE (PERCENT)   MM
AVERAGE SKY COVER           0.70
NUMBER OF DAYS FAIR            4
NUMBER OF DAYS PC             14
NUMBER OF DAYS CLOUDY         13

AVERAGE RH (PERCENT)     55

WEATHER CONDITIONS. NUMBER OF DAYS WITH
  0
  4
  0
  0
  1
  1
  0
HAZE                      4

-  INDICATES NEGATIVE NUMBERS.
R  INDICATES RECORD WAS SET OR TIED.
MM INDICATES DATA IS MISSING.
T  INDICATES TRACE AMOUNT.

$$


USA.gov is the U.S. government's official web portal to all federal, state and local government web resources and services.
  • National Weather Service
  • WSO Pago Pago Weather Service Office
  • Pago Pago, AS
  • (684) 699-9130
  • Page Author: PPG Webmaster
  • Incorrect Region Format!
  • Web Master's E-mail:
  • Page last modified: Mar 10th, 2020 21:02 UTC