000
CXHW51 PHFO 020126
CLMLIH


CLIMATE REPORT
NATIONAL WEATHER SERVICE HONOLULU HI
326 PM HST WED APR 1 2020

...................................

...THE LIHUE HI CLIMATE SUMMARY FOR THE MONTH OF MARCH 2020...

CLIMATE NORMAL PERIOD 1981 TO 2010
CLIMATE RECORD PERIOD 1950 TO 2020

WEATHER         OBSERVED          NORMAL  DEPART  LAST YEAR`S
                 VALUE   DATE(S)  VALUE   FROM    VALUE  DATE(S)
                                          NORMAL
................................................................
TEMPERATURE (F)
RECORD
 HIGH              88   03/06/1986
 LOW               51   03/25/1955
HIGHEST            82   03/04        78       4       83  03/31
LOWEST             64   03/28        67      -3       60  03/30
                        03/14                             03/01
                        03/12
AVG. MAXIMUM     79.0              78.4     0.6     78.9
AVG. MINIMUM     68.6              67.0     1.6     65.9
MEAN             73.8              72.7     1.1     72.4
DAYS MAX >= 90      0               0.0     0.0        0
DAYS MAX <= 32      0               0.0     0.0        0
DAYS MIN <= 32      0               0.0     0.0        0
DAYS MIN <= 0       0               0.0     0.0        0

PRECIPITATION (INCHES)
RECORD
 MAXIMUM        36.13   2006
 MINIMUM            T   2010
TOTALS          15.62              4.61   11.01     1.11
DAILY AVG.       0.52              0.15    0.37     0.04
DAYS >= .01        24              15.3     8.7       15
DAYS >= .10        10               6.7     3.3        2
DAYS >= .50         5               2.0     3.0        0
DAYS >= 1.00        3               1.2     1.8        0
GREATEST
 24 HR. TOTAL    5.35   03/28 TO 03/28              0.41

SNOWFALL (INCHES)
RECORDS
 TOTAL            0.0   5
                        0
                        -26215
TOTALS            0.0               0.0     0.0      0.0
SINCE 7/1         0.0               0.0     0.0      0.0
SNOWDEPTH AVG.     MM                MM      MM        0
DAYS >= 1.0         0               0.0     0.0        0
GREATEST
 SNOW DEPTH        MM                                  0  MM
 24 HR TOTAL      0.0   03/31 TO 03/31               0.0

DEGREE_DAYS
HEATING TOTAL       0                 0       0        0
 SINCE 7/1          0                 0       0        1
COOLING TOTAL     272               239      33      238
 SINCE 1/1        771               634     137      639
.................................................................

WIND (MPH)
AVERAGE WIND SPEED              14.6
HIGHEST WIND SPEED/DIRECTION    35/140    DATE  03/28
HIGHEST GUST SPEED/DIRECTION    44/140    DATE  03/28

SKY COVER
POSSIBLE SUNSHINE (PERCENT)   MM
AVERAGE SKY COVER             MM
NUMBER OF DAYS FAIR            0
NUMBER OF DAYS PC              0
NUMBER OF DAYS CLOUDY          0

AVERAGE RH (PERCENT)     MM

WEATHER CONDITIONS. NUMBER OF DAYS WITH
THUNDERSTORM              2     MIXED PRECIP               0
HEAVY RAIN                0     RAIN                       0
LIGHT RAIN                0     FREEZING RAIN              0
LT FREEZING RAIN          0     HAIL                       0
HEAVY SNOW                0     SNOW                       0
LIGHT SNOW                0     SLEET                      0
FOG                      24     FOG W/VIS <= 1/4 MILE      0
HAZE                     14

-  INDICATES NEGATIVE NUMBERS.
R  INDICATES RECORD WAS SET OR TIED.
MM INDICATES DATA IS MISSING.
T  INDICATES TRACE AMOUNT.

$$


USA.gov is the U.S. government's official web portal to all federal, state and local government web resources and services.
  • National Weather Service
  • WSO Pago Pago Weather Service Office
  • Pago Pago, AS
  • (684) 699-9130
  • Page Author: PPG Webmaster
  • Incorrect Region Format!
  • Web Master's E-mail:
  • Page last modified: Mar 10th, 2020 21:02 UTC