000
CXUS54 KLZK 050401
CLMLIT


CLIMATE REPORT
NATIONAL WEATHER SERVICE LITTLE ROCK AR
1016 PM CDT SAT APR 4 2020

...................................

...THE LITTLE ROCK ADAMS FIELD CLIMATE SUMMARY FOR THE MONTH OF MARCH 2020...

CLIMATE NORMAL PERIOD 1981 TO 2010
CLIMATE RECORD PERIOD 1874 TO 2020

WEATHER         OBSERVED          NORMAL  DEPART  LAST YEAR`S
                 VALUE   DATE(S)  VALUE   FROM    VALUE  DATE(S)
                                          NORMAL
................................................................
TEMPERATURE (F)
RECORD
 HIGH              91   03/31/1974
 LOW               11   03/03/1943
HIGHEST            88   03/26        64      24       76  03/28
LOWEST             33   03/07        43     -10       19  03/05
                                                          03/04
AVG. MAXIMUM     66.2              64.0     2.2     60.5
AVG. MINIMUM     48.2              42.7     5.5     39.9
MEAN             57.2              53.4     3.8     50.2
DAYS MAX >= 90      0               0.0     0.0        0
DAYS MAX <= 32      0               0.1    -0.1        0
DAYS MIN <= 32      0               3.4    -3.4        4
DAYS MIN <= 0       0               0.0     0.0        0

PRECIPITATION (INCHES)
RECORD
 MAXIMUM        12.33   2016
 MINIMUM         0.52   1925
TOTALS           5.42              4.68    0.74     3.32
DAILY AVG.       0.17              0.15    0.02     0.11
DAYS >= .01        16               9.8     6.2       13
DAYS >= .10        11                                  8
DAYS >= .50         3                                  2
DAYS >= 1.00        1               1.6    -0.6        0
GREATEST
 24 HR. TOTAL    1.76   03/30 TO 03/31

SNOWFALL (INCHES)
RECORDS
 TOTAL           12.0   1875
 24 HR TOTAL     12.0   03/06/1875 TO 03/06/1875
 SNOW DEPTH         8   03/17/1892
TOTALS            0.0               0.4    -0.4        T
 LIQUID EQUIV    0.00              0.00    0.00       MM
SINCE 7/1           T               3.5    -3.5      0.2
 LIQUID 7/1        MM                MM      MM     0.02
SNOWDEPTH AVG.      0
DAYS >= TRACE       0               0.3    -0.3        1
DAYS >= 1.0         0                                  0
GREATEST
 SNOW DEPTH         0   MM
 24 HR TOTAL      0.0

DEGREE_DAYS
HEATING TOTAL     252               375    -123      452
 SINCE 7/1       2713              2888    -175     2977
COOLING TOTAL      18                14       4        0
 SINCE 1/1         18                16       2        6

FREEZE DATES
RECORD
 EARLIEST     10/20/1989
 LATEST       04/19/1983
EARLIEST                        11/13
LATEST                          03/19
.................................................................

WIND (MPH)
AVERAGE WIND SPEED              8.4
HIGHEST WIND SPEED/DIRECTION    31/220    DATE  03/12
HIGHEST GUST SPEED/DIRECTION    39/210    DATE  03/12

SKY COVER
POSSIBLE SUNSHINE (PERCENT)   MM
AVERAGE SKY COVER           0.80
NUMBER OF DAYS FAIR            1
NUMBER OF DAYS PC              9
NUMBER OF DAYS CLOUDY         21

AVERAGE RH (PERCENT)     74

-  INDICATES NEGATIVE NUMBERS.
R  INDICATES RECORD WAS SET OR TIED.
MM INDICATES DATA IS MISSING.
T  INDICATES TRACE AMOUNT.

&&

...Data for Little Rock Adams Field for March 2020...

.Summary...
Though March did have its cooler moments, the month was generally warmer
than average and about 3/4 inches wetter than average. The coldest
temperatures were during the middle portion of the month. However, there
were absolutely no freezes recorded for the first time in eight years (since
2012).

This was the wettest March in four years, with frequent rainfall throughout
the month. In fact, over half of the days in the month had measurable rainfall.
There were 11 consecutive days with measurable rainfall from March 9th through
March 19th. This was the greatest such number since 1973, and the 3rd longest
period of consecutive days with measurable rainfall since records begain in
1874. Only the 12 day periods between April 15-26, 1973 and July 14-25, 1931
were longer.

For the first time in two years, no snow fell.

.Monthly Temperatures...
-The average high temperature was the warmest since 2018.
-The average low temperature was the warmest since 2012.
-The average monthly temperature awas the warmest since 2016.

.Daily Temperatures...
-Above average on 21 days
-Below average on 8 days
-Average on two days
-Lows at or below freezing: 0 (first time since 2012)
-Highs at or above 80: 1 (most since 2018)

.Daily Temperature Records Tied or Broken During the Month...
Date  Record Type               New Record       Previous Record
26th  High Temperature*         88 in 2020         85 in 1907
*Most recently tied March 31, 1963 for the 4th warmest high temperature
on record for the month of March.

.Monthly Rainfall...
It was the wettest March since 2016, but nowhere near the top ten wettest.

There were 16 days with measurable rainfall during the month, which was the
most for March since 2015. Of these days, 11 were consecutive between
March 9th and 19th. This was the most for March since 1914, and the most on
record for the month, beating out March 25-31, 1914 by four days.

.Daily Rainfall Records Tied or Broken During the Month...
None.

.Monthly Snowfall...
There was no snow in the month, which was the first time since 2018.

.Daily Snowfall Records Tied or Broken During the Month...
None.

.Miscellaneous Phenomena...
None.

$$


57





USA.gov is the U.S. government's official web portal to all federal, state and local government web resources and services.
  • National Weather Service
  • WSO Pago Pago Weather Service Office
  • Pago Pago, AS
  • (684) 699-9130
  • Page Author: PPG Webmaster
  • Incorrect Region Format!
  • Web Master's E-mail:
  • Page last modified: Mar 10th, 2020 21:02 UTC