000
CXUS55 KRIW 011657
CLMLND

CLIMATE REPORT
NATIONAL WEATHER SERVICE RIVERTON WY
1052 AM MDT WED APR 1 2020

...................................

...THE LANDER WY CLIMATE SUMMARY FOR THE MONTH OF MARCH 2020...

CLIMATE NORMAL PERIOD 1981 TO 2010
CLIMATE RECORD PERIOD 1891 TO 2020

WEATHER         OBSERVED          NORMAL  DEPART
                 VALUE   DATE(S)  VALUE   FROM
                                          NORMAL
................................................
TEMPERATURE (F)
RECORD
 HIGH              76   03/31/2015
                        03/31/2012
                        03/30/1966
 LOW              -16   03/02/1960
HIGHEST            57   03/31
LOWEST              4   03/02
AVG. MAXIMUM     47.2              47.4    -0.2
AVG. MINIMUM     23.4              23.6    -0.2
MEAN             35.3              35.5    -0.2
DAYS MAX >= 90      0
DAYS MAX <= 32      1
DAYS MIN <= 32     30
DAYS MIN <= 0       0

PRECIPITATION (INCHES)
RECORD
 MAXIMUM         4.65   2017
 MINIMUM         0.03   2004
TOTALS           0.58              1.16   -0.58
DAILY AVG.       0.02              0.04   -0.02
DAYS >= .01         3
DAYS >= .10         1
DAYS >= .50         1
DAYS >= 1.00        0
GREATEST
 24 HR. TOTAL    0.50   03/01 TO 03/01

SNOWFALL (INCHES)
TOTALS            7.5              16.1    -8.6
SINCE 7/1        65.2              69.7    -4.5
SNOWDEPTH AVG.      4
DAYS >= 1.0         1

DEGREE_DAYS
HEATING TOTAL     915               915       0
 SINCE 7/1       7037              6619     418
COOLING TOTAL       0                 0       0
 SINCE 1/1          0                 0       0
.................................................

WIND (MPH)
AVERAGE WIND SPEED              6.5
RESULTANT WIND SPEED/DIRECTION   2/260
HIGHEST WIND SPEED/DIRECTION    36/250    DATE  03/31
HIGHEST GUST SPEED/DIRECTION    49/240    DATE  03/31

SKY COVER
POSSIBLE SUNSHINE (PERCENT)   MM
AVERAGE SKY COVER           0.30
NUMBER OF DAYS FAIR           20
NUMBER OF DAYS PC              6
NUMBER OF DAYS CLOUDY          5

AVERAGE RH (PERCENT)     60

WEATHER CONDITIONS. NUMBER OF DAYS WITH
  0
  0
  0
  0
  1
  0
  3
HAZE                      1

-  INDICATES NEGATIVE NUMBERS.
R  INDICATES RECORD WAS SET OR TIED.
MM INDICATES DATA IS MISSING.
T  INDICATES TRACE AMOUNT.

$$


USA.gov is the U.S. government's official web portal to all federal, state and local government web resources and services.
  • National Weather Service
  • WSO Pago Pago Weather Service Office
  • Pago Pago, AS
  • (684) 699-9130
  • Page Author: PPG Webmaster
  • Incorrect Region Format!
  • Web Master's E-mail:
  • Page last modified: Mar 10th, 2020 21:02 UTC