000
CXUS53 KOAX 011608
CLMLNK

CLIMATE REPORT
NATIONAL WEATHER SERVICE OMAHA NEBRASKA
956 AM CST SUN MAR 1 2020

...................................

...THE LINCOLN, NEBRASKA CLIMATE SUMMARY FOR THE MONTH OF FEBRUARY 2020...

CLIMATE NORMAL PERIOD 1981 TO 2010
CLIMATE RECORD PERIOD 1887 TO 2020

WEATHER         OBSERVED          NORMAL  DEPART
                 VALUE   DATE(S)  VALUE   FROM
                                          NORMAL
................................................
TEMPERATURE (F)
HIGHEST            68   02/29
LOWEST             -2   02/13
AVG. MAXIMUM     44.2              40.1     4.1
AVG. MINIMUM     18.5              18.0     0.5
MEAN             31.3              29.0     2.3
DAYS MAX >= 90      0
DAYS MAX <= 32      5
DAYS MIN <= 32     29
DAYS MIN <= 0       1

PRECIPITATION (INCHES)
RECORD
 MAXIMUM         3.47   1951
 MINIMUM         0.00   1897
TOTALS           0.13              0.77   -0.64
DAILY AVG.       0.00
DAYS >= .01         3
DAYS >= .10         0
DAYS >= .50         0
DAYS >= 1.00        0
GREATEST
 24 HR. TOTAL    0.08   02/05 TO 02/05

SNOWFALL (INCHES)
RECORDS
 TOTAL           26.1   1965
TOTALS            1.6               5.6
SINCE 7/1        11.3
SNOWDEPTH AVG.      0                MM      MM
DAYS >= 1.0         1               1.9    -0.9
GREATEST
 SNOW DEPTH         0   MM
 24 HR TOTAL      1.0   02/05 TO 02/05

DEGREE_DAYS
HEATING TOTAL     970              1006     -36
 SINCE 7/1       4484              4734    -250
COOLING TOTAL       0                 0       0
 SINCE 1/1          0                 0       0
.................................................

WIND (MPH)
AVERAGE WIND SPEED              10.4
HIGHEST WIND SPEED/DIRECTION    37/340    DATE  02/12
HIGHEST GUST SPEED/DIRECTION    48/360    DATE  02/12

SKY COVER
AVERAGE SKY COVER           0.30


WEATHER CONDITIONS. NUMBER OF DAYS WITH
THUNDERSTORM              0     MIXED PRECIP               0
HEAVY RAIN                0     RAIN                       0
LIGHT RAIN                1     FREEZING RAIN              0
LT FREEZING RAIN          0     HAIL                       0
HEAVY SNOW                0     SNOW                       0
LIGHT SNOW                5     SLEET                      0
FOG                       4     FOG W/VIS <= 1/4 MILE      0
HAZE                      2

-  INDICATES NEGATIVE NUMBERS.
R  INDICATES RECORD WAS SET OR TIED.
MM INDICATES DATA IS MISSING.
T  INDICATES TRACE AMOUNT.
>= INDICATES GREATER THAN OR EQUAL TO.
<= INDICATES LESS THAN OR EQUAL TO.

$$
KG


USA.gov is the U.S. government's official web portal to all federal, state and local government web resources and services.
  • National Weather Service
  • WSO Pago Pago Weather Service Office
  • Pago Pago, AS
  • (684) 699-9130
  • Page Author: PPG Webmaster
  • Incorrect Region Format!
  • Web Master's E-mail:
  • Page last modified: Mar 10th, 2020 21:02 UTC