000
CXUS53 KLOT 011441
CLMLOT


CLIMATE REPORT
NATIONAL WEATHER SERVICE CHICAGO IL
822 AM CST SUN MAR 1 2020

...................................

...THE ROMEOVILLE  WFO CLIMATE SUMMARY FOR THE MONTH OF FEBRUARY 2020...

CLIMATE NORMAL PERIOD 1981 TO 2010
CLIMATE RECORD PERIOD 1992 TO 2020

WEATHER         OBSERVED          NORMAL  DEPART  LAST YEAR`S
                 VALUE   DATE(S)  VALUE   FROM    VALUE
                                          NORMAL
.............................................................
TEMPERATURE (F)
RECORD
 HIGH              73   02/25/2000
 LOW              -19   02/03/1996
HIGHEST            56   02/23        MM      MM       50
LOWEST             -7   02/14        MM      MM        0
AVG. MAXIMUM     36.4              35.5     0.9     34.4
AVG. MINIMUM     20.4              19.7     0.7     18.3
MEAN             28.4              27.6     0.8     26.4

PRECIPITATION (INCHES)
RECORD
 MAXIMUM         6.00   1997
 MINIMUM         0.29   2003
TOTALS           0.99              1.78   -0.79     2.70
DAILY AVG.       0.03                MM      MM     0.10
DAYS >= .01        10               8.4     1.6       12
DAYS >= .10         4               4.0     0.0        7
DAYS >= .50         0               0.9    -0.9        2
DAYS >= 1.00        0               0.2    -0.2        0
GREATEST
 24 HR. TOTAL    0.21   02/12 TO 02/12

SNOWFALL (INCHES)
RECORDS
 TOTAL           22.3   2014
TOTALS           10.1               6.4     3.7      4.4
SINCE 7/1        21.8              27.4    -5.6     30.4
SNOWDEPTH AVG.      1                MM      MM        1
DAYS >= 1.0         4               1.7     2.3
GREATEST
 SNOW DEPTH         4   02/15
                        02/14
                        02/07
 24 HR TOTAL      2.8   02/06 TO 02/06

DEGREE_DAYS
HEATING TOTAL    1053              1047       6     1074
 SINCE 7/1       4459              4761    -302     4843
COOLING TOTAL       0                 0       0        0
 SINCE 1/1          0                 0       0        0
..............................................................

WIND (MPH)
AVERAGE WIND SPEED              10.4
HIGHEST WIND SPEED/DIRECTION    27/030    DATE  02/04
HIGHEST GUST SPEED/DIRECTION    33/040    DATE  02/04

AVERAGE RH (PERCENT)     77


-  INDICATES NEGATIVE NUMBERS.
R  INDICATES RECORD WAS SET OR TIED.
MM INDICATES DATA IS MISSING.
T  INDICATES TRACE AMOUNT.

$$



USA.gov is the U.S. government's official web portal to all federal, state and local government web resources and services.
  • National Weather Service
  • WSO Pago Pago Weather Service Office
  • Pago Pago, AS
  • (684) 699-9130
  • Page Author: PPG Webmaster
  • Incorrect Region Format!
  • Web Master's E-mail:
  • Page last modified: Mar 10th, 2020 21:02 UTC