000
CXUS53 KLMK 020135
CLMLOU


CLIMATE REPORT
NATIONAL WEATHER SERVICE LOUISVILLE KY
928 PM EDT WED APR 1 2020

...................................

...THE LOUISVILLE BOWMAN KY CLIMATE SUMMARY FOR THE MONTH OF MARCH 2020...

CLIMATE NORMAL PERIOD 1981 TO 2010
CLIMATE RECORD PERIOD 9999 TO 9999

WEATHER         OBSERVED          NORMAL  DEPART  LAST YEAR`S
                 VALUE   DATE(S)  VALUE   FROM    VALUE  DATE(S)
                                          NORMAL
................................................................
TEMPERATURE (F)
RECORD
 HIGH              MM   MM
 LOW               MM   MM
HIGHEST            83   03/28        MM      MM       77  03/14
LOWEST             27   03/07        MM      MM       10  03/05
                        03/01
AVG. MAXIMUM     62.1              56.6     5.5     52.7
AVG. MINIMUM     42.4              37.4     5.0     32.7
MEAN             52.2              47.0     5.2     42.7
DAYS MAX >= 90      0               0.0     0.0        0
DAYS MAX <= 32      0               0.3    -0.3        2
DAYS MIN <= 32      4               9.7    -5.7       15
DAYS MIN <= 0       0               0.0     0.0        0

PRECIPITATION (INCHES)
RECORD
 MAXIMUM           MM   MM
 MINIMUM           MM   MM
TOTALS           5.09              4.16    0.93     4.26
DAILY AVG.       0.16              0.13    0.03     0.14
DAYS >= .01        15                MM      MM        9
DAYS >= .10        10                MM      MM        6
DAYS >= .50         6                MM      MM        3
DAYS >= 1.00        0                MM      MM        3
GREATEST
 24 HR. TOTAL    1.22   03/18 TO 03/19

DEGREE_DAYS
HEATING TOTAL     401               562    -161      687
 SINCE 7/1       3413              3923    -510     3838
COOLING TOTAL      14                 4      10        2
 SINCE 1/1         14                 4      10        2
.................................................................

WIND (MPH)
AVERAGE WIND SPEED              8.2
HIGHEST WIND SPEED/DIRECTION    29/250    DATE  03/29
HIGHEST GUST SPEED/DIRECTION    45/300    DATE  03/06

SKY COVER
POSSIBLE SUNSHINE (PERCENT)   MM
AVERAGE SKY COVER           0.50
NUMBER OF DAYS FAIR           11
NUMBER OF DAYS PC             11
NUMBER OF DAYS CLOUDY          9

AVERAGE RH (PERCENT)     63

WEATHER CONDITIONS. NUMBER OF DAYS WITH
  0
  7
  0
  0
  0
  0
  0
HAZE                      6

-  INDICATES NEGATIVE NUMBERS.
R  INDICATES RECORD WAS SET OR TIED.
MM INDICATES DATA IS MISSING.
T  INDICATES TRACE AMOUNT.

$$




USA.gov is the U.S. government's official web portal to all federal, state and local government web resources and services.
  • National Weather Service
  • WSO Pago Pago Weather Service Office
  • Pago Pago, AS
  • (684) 699-9130
  • Page Author: PPG Webmaster
  • Incorrect Region Format!
  • Web Master's E-mail:
  • Page last modified: Mar 10th, 2020 21:02 UTC