000
CXUS53 KJKL 011421 CCA
CLMLOZ

CLIMATE REPORT...CORRECTION
NATIONAL WEATHER SERVICE JACKSON KY
1017 AM EDT THU OCT 1 2020

...................................

...THE LONDON KY CLIMATE SUMMARY FOR THE MONTH OF SEPTEMBER 2020...

CLIMATE NORMAL PERIOD 1981 TO 2010
CLIMATE RECORD PERIOD 1954 TO 2020

WEATHER         OBSERVED          NORMAL  DEPART  LAST YEAR`S
                 VALUE   DATE(S)  VALUE   FROM    VALUE  DATE(S)
                                          NORMAL
................................................................
TEMPERATURE (F)
RECORD
 HIGH              97   09/05/2007
 LOW               32   09/24/1983
HIGHEST            88   09/10        MM      MM       95  09/13
                                                          09/10
LOWEST             43   09/22        MM      MM       49  09/25
AVG. MAXIMUM     78.2              79.6    -1.4     88.2
AVG. MINIMUM     58.4              56.9     1.5     61.6
MEAN             68.3              68.3     0.0     74.9
DAYS MAX >= 90      0               2.0    -2.0       15
DAYS MAX <= 32      0               0.0     0.0        0
DAYS MIN <= 32      0               0.0     0.0        0
DAYS MIN <= 0       0               0.0     0.0        0

PRECIPITATION (INCHES)
RECORD
 MAXIMUM         8.50   2004
 MINIMUM         0.11   2019
TOTALS           4.30              3.37    0.93     0.11
DAILY AVG.       0.14              0.11    0.03     0.00
DAYS >= .01         9               8.5     0.5        3
DAYS >= .10         6               5.4     0.6        0
DAYS >= .50         4               2.3     1.7        0
DAYS >= 1.00        2               0.9     1.1        0
GREATEST
 24 HR. TOTAL    1.43   09/13 TO 09/13              0.07

SNOWFALL (INCHES)
RECORDS
 TOTAL             MM   MM
TOTALS             MM               0.0      MM       MM
SINCE 7/1          MM               0.0      MM       MM
SNOWDEPTH AVG.     MM                MM      MM       MM
DAYS >= 1.0        MM               0.0      MM       MM
GREATEST
 SNOW DEPTH        MM                                 MM
 24 HR TOTAL       MM                                 MM

DEGREE_DAYS
HEATING TOTAL      46                46       0        0
 SINCE 7/1         46                47      -1        0
COOLING TOTAL     155               143      12      303
 SINCE 1/1       1244              1167      77     1417
.................................................................

WIND (MPH)
AVERAGE WIND SPEED              3.8
HIGHEST WIND SPEED/DIRECTION    26/280    DATE  09/03
HIGHEST GUST SPEED/DIRECTION    42/280    DATE  09/03

SKY COVER
POSSIBLE SUNSHINE (PERCENT)   MM
AVERAGE SKY COVER           0.30
NUMBER OF DAYS FAIR           15
NUMBER OF DAYS PC             12
NUMBER OF DAYS CLOUDY          3

AVERAGE RH (PERCENT)     78

WEATHER CONDITIONS. NUMBER OF DAYS WITH
THUNDERSTORM              6     MIXED PRECIP               0
HEAVY RAIN                4     RAIN                       6
LIGHT RAIN               11     FREEZING RAIN              0
LT FREEZING RAIN          0     HAIL                       0
HEAVY SNOW                0     SNOW                       0
LIGHT SNOW                0     SLEET                      0
FOG                      20     FOG W/VIS <= 1/4 MILE      5
HAZE                      1

-  INDICATES NEGATIVE NUMBERS.
R  INDICATES RECORD WAS SET OR TIED.
MM INDICATES DATA IS MISSING.
T  INDICATES TRACE AMOUNT.

$$

CARICO

...CORRECTED FOR FORMATTING ERROR...


USA.gov is the U.S. government's official web portal to all federal, state and local government web resources and services.
  • National Weather Service
  • WSO Pago Pago Weather Service Office
  • Pago Pago, AS
  • (684) 699-9130
  • Page Author: PPG Webmaster
  • Incorrect Region Format!
  • Web Master's E-mail:
  • Page last modified: Mar 10th, 2020 21:02 UTC