000
CXUS53 KJKL 011818
CLMLOZ

CLIMATE REPORT
NATIONAL WEATHER SERVICE JACKSON KY
118 PM EST SUN MAR 1 2020

...................................

...THE LONDON KY CLIMATE SUMMARY FOR THE MONTH OF FEBRUARY 2020...

CLIMATE NORMAL PERIOD 1981 TO 2010
CLIMATE RECORD PERIOD 1954 TO 2020

WEATHER         OBSERVED          NORMAL  DEPART  LAST YEAR`S
                 VALUE   DATE(S)  VALUE   FROM    VALUE  DATE(S)
                                          NORMAL
................................................................
TEMPERATURE (F)
RECORD
 HIGH              81   02/26/1977
 LOW              -17   02/20/2015
HIGHEST            70   02/03        MM      MM       73  02/07
LOWEST             16   02/15        MM      MM       19  02/09
AVG. MAXIMUM     50.7              49.7     1.0     54.0
AVG. MINIMUM     31.8              29.4     2.4     34.4
MEAN             41.3              39.5     1.8     44.2
DAYS MAX >= 90      0               0.0     0.0        0
DAYS MAX <= 32      1               2.3    -1.3        0
DAYS MIN <= 32     15              17.8    -2.8       13
DAYS MIN <= 0       0               0.0     0.0        0

PRECIPITATION (INCHES)
RECORD
 MAXIMUM        11.06   2019
 MINIMUM         0.65   1968
TOTALS           9.15              3.71    5.44    11.06
DAILY AVG.       0.32                MM      MM     0.41
DAYS >= .01        16              11.8     4.2       16
DAYS >= .10        13               7.5     5.5       13
DAYS >= .50         8               2.5     5.5        7
DAYS >= 1.00        4               0.9     3.1        4
GREATEST
 24 HR. TOTAL    1.84   02/04 TO 02/04              2.33

SNOWFALL (INCHES)
RECORDS
 TOTAL           23.5   1979
TOTALS             MM               3.1      MM       MM
SINCE 7/1          MM               8.7      MM       MM
SNOWDEPTH AVG.     MM                MM      MM       MM
DAYS >= 1.0         0               1.5    -1.5       MM
GREATEST
 SNOW DEPTH        MM                                 MM
 24 HR TOTAL       MM                                 MM

DEGREE_DAYS
HEATING TOTAL     682               713     -31      577
 SINCE 7/1       2940              3298    -358     3144
COOLING TOTAL       0                 0       0        0
 SINCE 1/1          0                 0       0        0
.................................................................

WIND (MPH)
AVERAGE WIND SPEED              6.4
HIGHEST WIND SPEED/DIRECTION    25/260    DATE  02/02
HIGHEST GUST SPEED/DIRECTION    35/250    DATE  02/28

SKY COVER
POSSIBLE SUNSHINE (PERCENT)   MM
AVERAGE SKY COVER           0.60
NUMBER OF DAYS FAIR            7
NUMBER OF DAYS PC              9
NUMBER OF DAYS CLOUDY         13

AVERAGE RH (PERCENT)     73

WEATHER CONDITIONS. NUMBER OF DAYS WITH
THUNDERSTORM              0     MIXED PRECIP               0
HEAVY RAIN                5     RAIN                      10
LIGHT RAIN               14     FREEZING RAIN              0
LT FREEZING RAIN          0     HAIL                       0
HEAVY SNOW                0     SNOW                       0
LIGHT SNOW                0     SLEET                      0
FOG                      20     FOG W/VIS <= 1/4 MILE      1
HAZE                      1

-  INDICATES NEGATIVE NUMBERS.
R  INDICATES RECORD WAS SET OR TIED.
MM INDICATES DATA IS MISSING.
T  INDICATES TRACE AMOUNT.

$$

TAB


USA.gov is the U.S. government's official web portal to all federal, state and local government web resources and services.
  • National Weather Service
  • WSO Pago Pago Weather Service Office
  • Pago Pago, AS
  • (684) 699-9130
  • Page Author: PPG Webmaster
  • Incorrect Region Format!
  • Web Master's E-mail:
  • Page last modified: Mar 10th, 2020 21:02 UTC