000
CXUS54 KCRP 011945 RRA
CLMLRD

SATCLMLRD 000
TTAA00 KCRP 011722


CLIMATE REPORT
NATIONAL WEATHER SERVICE CORPUS CHRISTI TX
1211 PM CDT WED APR 1 2020

...THE LAREDO CLIMATE SUMMARY FOR THE MONTH OF MARCH 2020...

CLIMATE NORMAL PERIOD 1981 TO 2010
CLIMATE RECORD PERIOD 1900 TO 2020

WEATHER         OBSERVED          NORMAL  DEPART  LAST YEAR`S
                 VALUE   DATE(S)  VALUE   FROM    VALUE  DATE(S)
                                          NORMAL
................................................................
TEMPERATURE (F)
RECORD
 HIGH             105   03/06/1991
                        03/27/1984
                        03/26/1950
 LOW               25   03/03/1922
                        03/15/1909
HIGHEST           103   03/26        86      17       96  03/13
LOWEST             47   03/06        53      -6       35  03/05
AVG. MAXIMUM     86.1              79.8     6.3     77.0
AVG. MINIMUM     63.8              56.9     6.9     58.2
MEAN             75.0              68.4     6.6     67.6
DAYS MAX >= 90     14               4.1     9.9        2
DAYS MAX <= 32      0               0.0     0.0        0
DAYS MIN <= 32      0               0.3    -0.3        0
DAYS MIN <= 0       0               0.0     0.0        0

PRECIPITATION (INCHES)
RECORD
 MAXIMUM         4.78   2004
 MINIMUM         0.00   1978
                        1977
                        1973
                        1916
                        1914
TOTALS           0.23              1.12   -0.89     0.36
DAILY AVG.       0.01              0.04   -0.03     0.01
DAYS >= .01         6               4.4     1.6        2
DAYS >= .10         1               1.9    -0.9        1
DAYS >= .50         0               0.6    -0.6        0
DAYS >= 1.00        0               0.2    -0.2        0
GREATEST
 24 HR. TOTAL    0.12   03/21 TO 03/21

SNOWFALL (INCHES)
RECORDS
 TOTAL             MM   MM
 24 HR TOTAL       MM
TOTALS            0.0                MM      MM      0.0
SINCE 7/1         0.0               0.0     0.0      0.0
SNOWDEPTH AVG.      0                MM      MM        0
DAYS >= 1.0         0                MM      MM
GREATEST
 SNOW DEPTH         0   MM                             0
 24 HR TOTAL      0.0   03/31 TO 03/31               0.0

DEGREE_DAYS
HEATING TOTAL      16                69     -53      110
 SINCE 7/1        602               913    -311      897
COOLING TOTAL     331               173     158      201
 SINCE 1/1        472               258     214      288
.................................................................

WIND (MPH)
AVERAGE WIND SPEED              MM
HIGHEST WIND SPEED/DIRECTION    MM        DATE   MM
HIGHEST GUST SPEED/DIRECTION    MM        DATE   MM

SKY COVER
AVERAGE SKY COVER           0.40

AVERAGE RH (PERCENT)     65

WEATHER CONDITIONS. NUMBER OF DAYS WITH
THUNDERSTORM              4     MIXED PRECIP                0
HEAVY RAIN                0     RAIN                        1
LIGHT RAIN               13     FREEZING RAIN               0
LT FREEZING RAIN          0     HAIL                        0
HEAVY SNOW                0     SNOW                        0
LIGHT SNOW                0     SLEET                       0
FOG                       6     FOG W/VIS <= 1/4 MILE       0
HAZE                      1

-  INDICATES NEGATIVE NUMBERS.
R  INDICATES RECORD WAS SET OR TIED.
MM INDICATES DATA IS MISSING.
T  INDICATES TRACE AMOUNT.

$$


USA.gov is the U.S. government's official web portal to all federal, state and local government web resources and services.
  • National Weather Service
  • WSO Pago Pago Weather Service Office
  • Pago Pago, AS
  • (684) 699-9130
  • Page Author: PPG Webmaster
  • Incorrect Region Format!
  • Web Master's E-mail:
  • Page last modified: Mar 10th, 2020 21:02 UTC