000
CXUS53 KARX 021753
CLMLSE

CLIMATE REPORT
NATIONAL WEATHER SERVICE LA CROSSE WI
113 PM CST SUN MAR 1 2020

...................................

...THE LA CROSSE WI CLIMATE SUMMARY FOR THE MONTH OF FEBRUARY 2020...

CLIMATE NORMAL PERIOD 1981 TO 2010
CLIMATE RECORD PERIOD 1873 TO 2020

WEATHER         OBSERVED          NORMAL  DEPART  LAST YEAR`S
                 VALUE   DATE(S)  VALUE   FROM    VALUE  DATE(S)
                                          NORMAL
................................................................
TEMPERATURE (F)
RECORD
 HIGH              65   02/19/2017
                        02/15/1921
                        02/12/1882
 LOW              -36   02/08/1971
HIGHEST            50   02/02        MM      MM       45  02/04
LOWEST            -16   02/14        MM      MM      -13  02/19
                                                          02/16
                                                          02/09
AVG. MAXIMUM     33.1              31.4     1.7     25.5
AVG. MINIMUM     11.3              13.6    -2.3      6.5
MEAN             22.2              22.5    -0.3     16.0
DAYS MAX >= 90      0               0.0     0.0        0
DAYS MAX <= 32     13              13.7    -0.7       21
DAYS MIN <= 32     28              26.0     2.0       27
DAYS MIN <= 0       5               5.4    -0.4       10

PRECIPITATION (INCHES)
RECORD
 MAXIMUM         4.04   1922
 MINIMUM         0.05   1969
TOTALS           1.05              1.05    0.00     3.02
DAILY AVG.       0.04                MM      MM     0.11
DAYS >= .01         4               8.0    -4.0       14
DAYS >= .10         3               2.9     0.1       10
DAYS >= .50         1               0.5     0.5        2
DAYS >= 1.00        0               0.1    -0.1        0
GREATEST
 24 HR. TOTAL    0.74   02/09 TO 02/09

SNOWFALL (INCHES)
RECORDS
 TOTAL           31.1   2019
TOTALS           11.9               8.2     3.7     31.1
SINCE 7/1        35.3              34.5     0.8     52.2
SNOWDEPTH AVG.      6                MM      MM       11
DAYS >= TRACE       8               6.4     1.6       19
DAYS >= 1.0         3               2.6     0.4        8
GREATEST
 SNOW DEPTH        11   02/10                         19  02/21
 24 HR TOTAL      8.5   02/09 TO 02/09

DEGREE_DAYS
HEATING TOTAL    1236              1190      46     1364
 SINCE 7/1       5148              5546    -398     5624
COOLING TOTAL       0                 0       0        0
 SINCE 1/1          0                 0       0        0
.................................................................

WIND (MPH)
AVERAGE WIND SPEED              7.7
HIGHEST WIND SPEED/DIRECTION    28/340    DATE  02/12
HIGHEST GUST SPEED/DIRECTION    36/170    DATE  02/14

SKY COVER
POSSIBLE SUNSHINE (PERCENT)   MM
AVERAGE SKY COVER           0.30
NUMBER OF DAYS FAIR           16
NUMBER OF DAYS PC             10
NUMBER OF DAYS CLOUDY          3

AVERAGE RH (PERCENT)     64

WEATHER CONDITIONS. NUMBER OF DAYS WITH
  0
  0
  0
  0
  1
  0
  2
HAZE                     11

-  INDICATES NEGATIVE NUMBERS.
R  INDICATES RECORD WAS SET OR TIED.
MM INDICATES DATA IS MISSING.
T  INDICATES TRACE AMOUNT.

$$


USA.gov is the U.S. government's official web portal to all federal, state and local government web resources and services.
  • National Weather Service
  • WSO Pago Pago Weather Service Office
  • Pago Pago, AS
  • (684) 699-9130
  • Page Author: PPG Webmaster
  • Incorrect Region Format!
  • Web Master's E-mail:
  • Page last modified: Mar 10th, 2020 21:02 UTC