000
CXUS55 KBYZ 011335
CLMLVM


CLIMATE REPORT
NATIONAL WEATHER SERVICE BILLINGS MT
630 AM MST SUN MAR 1 2020

...................................

...THE LIVINGSTON MT CLIMATE SUMMARY FOR THE MONTH OF FEBRUARY 2020...

CLIMATE NORMAL PERIOD 1981 TO 2010
CLIMATE RECORD PERIOD 1948 TO 2020

WEATHER         OBSERVED          NORMAL  DEPART
                 VALUE   DATE(S)  VALUE   FROM
                                          NORMAL
................................................
TEMPERATURE (F)
HIGHEST            59   02/01
LOWEST             -6   02/04
                        02/03
AVG. MAXIMUM     39.0              39.8    -0.8
AVG. MINIMUM     19.6              18.3     1.3
MEAN             29.3              29.1     0.2
DAYS MAX >= 90      0
DAYS MAX <= 32      8
DAYS MIN <= 32     26
DAYS MIN <= 0       2

PRECIPITATION (INCHES)
TOTALS           0.51              0.50    0.01
DAYS >= .01         8
DAYS >= .10         2
DAYS >= .50         0
DAYS >= 1.00        0
GREATEST
 24 HR. TOTAL    0.18   02/08 TO 02/08

DEGREE_DAYS
HEATING TOTAL    1028              1007      21
 SINCE 7/1       5058              5386    -328
COOLING TOTAL       0                 0       0
 SINCE 1/1          0                 0       0
.................................................

WIND (MPH)
AVERAGE WIND SPEED              19.2
HIGHEST WIND SPEED/DIRECTION    62/220    DATE  02/01
HIGHEST GUST SPEED/DIRECTION    78/210    DATE  02/01

AVERAGE RH (PERCENT)     58

WEATHER CONDITIONS. NUMBER OF DAYS WITH
THUNDERSTORM              0     MIXED PRECIP               0
HEAVY RAIN                0     RAIN                       0
LIGHT RAIN                2     FREEZING RAIN              0
LT FREEZING RAIN          0     HAIL                       0
HEAVY SNOW                6     SNOW                       8
LIGHT SNOW               19     SLEET                      0
FOG                      15     FOG W/VIS <= 1/4 MILE      6
HAZE                      6

-  INDICATES NEGATIVE NUMBERS.
R  INDICATES RECORD WAS SET OR TIED.
MM INDICATES DATA IS MISSING.
T  INDICATES TRACE AMOUNT.

&&

...FEBRUARY 2020 MONTH IN REVIEW FOR LIVINGSTON...

BELOW IS A SUMMARY OF THE TEMPERATURE AND PRECIPITATION
STATISTICS FOR LIVINGSTON FOR FEBRUARY 2020. ALL TEMPERATURES ARE IN
DEGREES FAHRENHEIT AND ALL PRECIPITATION AMOUNTS ARE IN INCHES. NORMALS
ARE 30 YEAR AVERAGES CALCULATED FROM 1981 TO 2010. MONTHLY RANKINGS
FOR PRECIPITATION AND TEMPERATURES USE A PERIOD
OF RECORD THAT STARTED IN JULY 1948 AT OR NEAR THE LIVINGSTON AIRPORT.

NUMBERS DENOTED WITH AN * IS MISSING DATA IN THE CALCULATION.

... MONTHLY PRECIPITATION...

 MONTH   2020 VALUES  NORMALS    DEPARTURE  RANKING

FEBRUARY     0.51     0.50       +0.01      TIED FOR THE 25TH WETTEST OUT OF 72 YEARS
                                            (RECORD WETTEST WAS 1.76 IN 1986)
                                            (WETTEST SINCE 0.91 IN 2017)

... FEBRUARY 2020 BROKEN OR TIED DAILY PRECIPITATION RECORDS...

NONE

NOTE: SINCE THE LATE 1990S...LIVINGSTON BECAME AN AUTOMATED AND UNATTENDED
WEATHER STATION. PRECIPITATION AMOUNTS IN THE WINTER MAY BE UNDERESTIMATED.

... AVERAGE TEMPERATURES...

 MONTH   2020 VALUES  NORMALS   DEPARTURE  RANKING

FEBRUARY     29.3      29.1      +0.2      36TH COLDEST OUT OF 72 YEARS
                                           (RECORD COLDEST WAS 11.5 IN 2019)
                                           (COLDEST SINCE 11.5 IN 2019)

... AVERAGE HIGH TEMPERATURES...

 MONTH   2020 VALUES  NORMALS   DEPARTURE  RANKING

FEBRUARY     39.0      39.8      -0.8      ON THE MEDIAN OUT OF 72 YEARS
                                           (WARMEST 51.2-1991/COLDEST 20.5-2019)

... FEBRUARY 2020 BROKEN OR TIED WARMEST DAILY HIGH TEMPERATURE RECORDS...

NONE

... FEBRUARY 2020 BROKEN OR TIED COLDEST DAILY HIGH TEMPERATURE RECORDS...

NONE

... AVERAGE LOW TEMPERATURES...

 MONTH   2020 VALUES  NORMALS   DEPARTURE  RANKING

FEBRUARY     19.6      18.3      +1.3      36TH COLDEST OUT OF 72 YEARS
                                           (RECORD COLDEST WAS 2.5 IN 2019)
                                           (COLDEST SINCE 2.5 IN 2019)

... FEBRUARY 2020 BROKEN OR TIED WARMEST DAILY LOW TEMPERATURE RECORDS...

45 ON FEBRUARY  1 (OLD RECORD 44 IN 1995)

... FEBRUARY 2020 BROKEN OR TIED COLDEST DAILY LOW TEMPERATURE RECORDS...

NONE

$$





USA.gov is the U.S. government's official web portal to all federal, state and local government web resources and services.
  • National Weather Service
  • WSO Pago Pago Weather Service Office
  • Pago Pago, AS
  • (684) 699-9130
  • Page Author: PPG Webmaster
  • Incorrect Region Format!
  • Web Master's E-mail:
  • Page last modified: Mar 10th, 2020 21:02 UTC