000
CXUS53 KTOP 011413
CLMLWC


CLIMATE REPORT
NATIONAL WEATHER SERVICE TOPEKA KS
811 AM CST SUN MAR 1 2020

...................................

...THE LAWRENCE KS CLIMATE SUMMARY FOR THE MONTH OF FEBRUARY 2020...

CLIMATE NORMAL PERIOD 1981 TO 2010
CLIMATE RECORD PERIOD 9999 TO 9999

WEATHER         OBSERVED          NORMAL  DEPART  LAST YEAR`S
                 VALUE   DATE(S)  VALUE   FROM    VALUE
                                          NORMAL
.............................................................
TEMPERATURE (F)
HIGHEST            69   02/02                         66
LOWEST             -3   02/14                          4
AVG. MAXIMUM     46.9              45.4     1.5     37.7
AVG. MINIMUM     21.8              22.9    -1.1     20.4
MEAN             34.3              34.1     0.2     29.1
DAYS MAX >= 90      0               0.0     0.0        0
DAYS MAX <= 32      3               4.0    -1.0       12
DAYS MIN <= 32     24              23.2     0.8       26
DAYS MIN <= 0       2               0.4     1.6        0

PRECIPITATION (INCHES)
TOTALS           0.82              1.30   -0.48     1.49
DAILY AVG.       0.03                               0.05
DAYS >= .01         3                                  9
DAYS >= .10         2                                  5
DAYS >= .50         0                                  0
DAYS >= 1.00        0                                  0
GREATEST
 24 HR. TOTAL    0.46   02/24 TO 02/24              0.40

DEGREE_DAYS
HEATING TOTAL     883               864      19      999
 SINCE 7/1       3898              4042    -144     4282
COOLING TOTAL       0                 0       0        0
 SINCE 1/1          0                 0       0        0
..............................................................

WIND (MPH)
AVERAGE WIND SPEED              7.9
HIGHEST WIND SPEED/DIRECTION    33/340    DATE  02/12
HIGHEST GUST SPEED/DIRECTION    44/350    DATE  02/12

SKY COVER
POSSIBLE SUNSHINE (PERCENT)   MM
AVERAGE SKY COVER           0.30
NUMBER OF DAYS FAIR           15
NUMBER OF DAYS PC              9
NUMBER OF DAYS CLOUDY          5

AVERAGE RH (PERCENT)     64


-  INDICATES NEGATIVE NUMBERS.
R  INDICATES RECORD WAS SET OR TIED.
MM INDICATES DATA IS MISSING.
T  INDICATES TRACE AMOUNT.

$$



USA.gov is the U.S. government's official web portal to all federal, state and local government web resources and services.
  • National Weather Service
  • WSO Pago Pago Weather Service Office
  • Pago Pago, AS
  • (684) 699-9130
  • Page Author: PPG Webmaster
  • Incorrect Region Format!
  • Web Master's E-mail:
  • Page last modified: Mar 10th, 2020 21:02 UTC