000
CXUS53 KILX 011817
CLMLWV


CLIMATE REPORT
NATIONAL WEATHER SERVICE LINCOLN IL
108 PM CDT WED APR 1 2020

...................................

...THE LAWRENCEVILLE IL AIRPORT CLIMATE SUMMARY FOR THE MONTH OF MARCH 2020...

CLIMATE NORMAL PERIOD 1981 TO 2010
CLIMATE RECORD PERIOD 9999 TO 9999

WEATHER         OBSERVED          NORMAL  DEPART  LAST YEAR`S
                 VALUE   DATE(S)  VALUE   FROM    VALUE
                                          NORMAL
.............................................................
TEMPERATURE (F)
RECORD
 HIGH              MM   MM
 LOW               MM   MM
HIGHEST            78   03/27        MM      MM       74
LOWEST             22   03/07        MM      MM        5
AVG. MAXIMUM     58.1              55.3     2.8     50.5
AVG. MINIMUM     38.7              34.7     4.0     31.1
MEAN             48.4              45.0     3.4     40.8
DAYS MAX >= 90      0               0.0     0.0        0
DAYS MAX <= 32      0               0.5    -0.5        3
DAYS MIN <= 32      9              12.4    -3.4       17
DAYS MIN <= 0       0               0.0     0.0        0

PRECIPITATION (INCHES)
RECORD
 MAXIMUM           MM   MM
 MINIMUM           MM   MM
TOTALS           5.91              3.43    2.48     4.89
DAILY AVG.       0.19              0.11    0.08     0.16
DAYS >= .01        13                MM      MM       11
DAYS >= .10        10                MM      MM        6
DAYS >= .50         4                MM      MM        4
DAYS >= 1.00        1                MM      MM        1
GREATEST
 24 HR. TOTAL    1.93   03/19 TO 03/19              2.04

DEGREE_DAYS
HEATING TOTAL     512               622    -110      744
 SINCE 7/1       4027              4297    -270     4434
COOLING TOTAL       7                 2       5        0
 SINCE 1/1          7                 2       5        0
..............................................................

WIND (MPH)
AVERAGE WIND SPEED              10.1
HIGHEST WIND SPEED/DIRECTION    35/220    DATE  03/01
HIGHEST GUST SPEED/DIRECTION    46/220    DATE  03/29

AVERAGE RH (PERCENT)     74

WEATHER CONDITIONS. NUMBER OF DAYS WITH
THUNDERSTORM              9     MIXED PRECIP               0
HEAVY RAIN                8     RAIN                      10
LIGHT RAIN               17     FREEZING RAIN              0
LT FREEZING RAIN          0     HAIL                       0
HEAVY SNOW                0     SNOW                       0
LIGHT SNOW                0     SLEET                      0
FOG                      16     FOG W/VIS <= 1/4 MILE      3
HAZE                      2

-  INDICATES NEGATIVE NUMBERS.
R  INDICATES RECORD WAS SET OR TIED.
MM INDICATES DATA IS MISSING.
T  INDICATES TRACE AMOUNT.

$$



USA.gov is the U.S. government's official web portal to all federal, state and local government web resources and services.
  • National Weather Service
  • WSO Pago Pago Weather Service Office
  • Pago Pago, AS
  • (684) 699-9130
  • Page Author: PPG Webmaster
  • Incorrect Region Format!
  • Web Master's E-mail:
  • Page last modified: Mar 10th, 2020 21:02 UTC