000
CXUS56 KHNX 031845
CLMMAE


CLIMATE REPORT
NATIONAL WEATHER SERVICE SAN JOAQUIN VALLEY, CA
1140 AM PDT FRI APR 3 2020

...................................

...THE MADERA CA AIRPORT CLIMATE SUMMARY FOR THE MONTH OF MARCH 2020...

CLIMATE NORMAL PERIOD 1981 TO 2010
CLIMATE RECORD PERIOD 1998 TO 2020

WEATHER         OBSERVED          NORMAL  DEPART  LAST YEAR`S
                 VALUE   DATE(S)  VALUE   FROM    VALUE  DATE(S)
                                          NORMAL
................................................................
TEMPERATURE (F)
RECORD
 HIGH              91   03/15/2015
 LOW               29   03/10/2009
HIGHEST            81   03/05        MM      MM       85  03/18
LOWEST             30   03/02        MM      MM       36  03/14
AVG. MAXIMUM     66.1              66.3    -0.2     69.4
AVG. MINIMUM     41.8              42.1    -0.3     45.0
MEAN             54.0              54.2    -0.2     57.2
DAYS MAX >= 90      0               0.0     0.0        0
DAYS MIN <= 32      1               0.3     0.7        0

PRECIPITATION (INCHES)
RECORD
 MAXIMUM         4.75   2018
TOTALS           1.53              1.80   -0.27     2.08
DAYS >= .01        13                MM      MM       11
DAYS >= .10         5                MM      MM        8
DAYS >= .50         1                MM      MM        1
DAYS >= 1.00        0                MM      MM        0
GREATEST
 24 HR. TOTAL    0.63   03/16 TO 03/16

SNOWFALL (INCHES)
RECORDS
 TOTAL             MM   MM
TOTALS            0.0                MM

DEGREE_DAYS
HEATING TOTAL     334               336      -2      233
 SINCE 7/1       2132              2418    -286     1675
COOLING TOTAL       0                 1      -1        1
 SINCE 1/1          0                 1      -1        1
.................................................................

WIND (MPH)
AVERAGE WIND SPEED              5.5
HIGHEST WIND SPEED/DIRECTION    25/160    DATE  03/15
HIGHEST GUST SPEED/DIRECTION    33/160    DATE  03/15

AVERAGE RH (PERCENT)     68

WEATHER CONDITIONS. NUMBER OF DAYS WITH
THUNDERSTORM              1     RAIN                       4
HAIL                      0     FOG                       22
FOG W/VIS <= 1/4 MILE     4     HAZE                       1

-  INDICATES NEGATIVE NUMBERS.
R  INDICATES RECORD WAS SET OR TIED.
MM INDICATES DATA IS MISSING.
T  INDICATES TRACE AMOUNT.

$$




USA.gov is the U.S. government's official web portal to all federal, state and local government web resources and services.
  • National Weather Service
  • WSO Pago Pago Weather Service Office
  • Pago Pago, AS
  • (684) 699-9130
  • Page Author: PPG Webmaster
  • Incorrect Region Format!
  • Web Master's E-mail:
  • Page last modified: Mar 10th, 2020 21:02 UTC