000
CXUS54 KMAF 011312
CLMMAF

CLIMATE REPORT
NATIONAL WEATHER SERVICE NATIONAL WEATHER SERVICE MIDLAND/ODESSA TX
812 AM CDT WED APR 01 2020

...................................

...THE MIDLAND INTERNATIONAL AIRPORT CLIMATE SUMMARY FOR THE MONTH OF MARCH 2020...

CLIMATE NORMAL PERIOD 1981 TO 2010
CLIMATE RECORD PERIOD 1930 TO 2020

WEATHER         OBSERVED          NORMAL  DEPART   LAST YEAR`S
                VALUE   DATE(S)   VALUE   FROM     VALUE DATE(S)
                                          NORMAL
................................................................
TEMPERATURE (F)
RECORD
 HIGH             97   03/31/1946
 LOW               9   03/02/1980
HIGHEST           94   03/26         71      23       89  03/29
LOWEST            38   03/05         41      -3       20  03/05
                                                          03/04
AVG. MAXIMUM    73.3               70.2     3.1     66.3
AVG. MINIMUM    49.8               41.0     8.8     42.1
MEAN            61.5               55.6     5.9     54.2
DAYS MAX >= 90     2                0.4     1.6        0
DAYS MAX <= 32     0                0.0     0.0        0
DAYS MIN <= 32     0                4.7    -4.7        4
DAYS MIN <= 0      0                0.0     0.0        0

PRECIPITATION (INCHES)
RECORD
 MAXIMUM        3.44   2020
 MINIMUM        0.00   1946
TOTALS          3.44R              0.60    2.84     0.80
DAILY AVG.      0.11               0.02    0.09     0.03
DAYS >= .01        8                3.6     4.4        4
DAYS >= .10        3                1.5     1.5        2
DAYS >= .50        2                0.4     1.6        1
DAYS >= 1.00       2                0.0     2.0        0
GREATEST
 24 HR. TOTAL   1.94   03/03 TO 03/04               0.57

SNOWFALL (INCHES)
RECORDS
 TOTAL           5.9   1970
TOTALS           0.0                0.2    -0.2      0.0
SINCE 7/1        7.9                4.7     3.2       MM
SNOWDEPTH AVG.     0                                   0
DAYS >= 1.0        0                0.1    -0.1        0
GREATEST
 SNOW DEPTH        0                                   0  MM
 24 HR TOTAL     0.0                                 0.0

DEGREE DAYS
HEATING TOTAL    152                307    -155      351
 SINCE 7/1      2128               2545    -417     2468
COOLING TOTAL     51                 16      35       23
 SINCE 1/1        51                 18      33       26
................................................................

WIND (MPH)
AVERAGE WIND SPEED              10.8
HIGHEST WIND SPEED/DIRECTION    37/240    DATE  03/18
HIGHEST GUST SPEED/DIRECTION    47/310    DATE  03/12

SKY COVER
POSSIBLE SUNSHINE (PERCENT)   MM
AVERAGE SKY COVER           0.30
NUMBER OF DAYS FAIR           20
NUMBER OF DAYS PC              6
NUMBER OF DAYS CLOUDY          5

AVERAGE RH (PERCENT)     57

WEATHER CONDITIONS. NUMBER OF DAYS WITH
THUNDERSTORM              6     MIXED PRECIP               0
HEAVY RAIN                2     RAIN                       3
LIGHT RAIN                8     FREEZING RAIN              0
LT FREEZING RAIN          0     HAIL                       0
HEAVY SNOW                0     SNOW                       0
LIGHT SNOW                0     SLEET                      0
FOG                      18     FOG W/VIS <= 1/4 MILE      5
HAZE                      7

-  INDICATES NEGATIVE NUMBERS.
R  INDICATES RECORD WAS SET OR TIED.
MM INDICATES DATA IS MISSING.
T  INDICATES TRACE AMOUNT.

$$


USA.gov is the U.S. government's official web portal to all federal, state and local government web resources and services.
  • National Weather Service
  • WSO Pago Pago Weather Service Office
  • Pago Pago, AS
  • (684) 699-9130
  • Page Author: PPG Webmaster
  • Incorrect Region Format!
  • Web Master's E-mail:
  • Page last modified: Mar 10th, 2020 21:02 UTC