000
CXUS53 KABR 010729
CLMMBG


CLIMATE REPORT
NATIONAL WEATHER SERVICE ABERDEEN SD
224 AM CDT WED APR 1 2020

...................................

...THE MOBRIDGE SD CLIMATE SUMMARY FOR THE MONTH OF MARCH 2020...

CLIMATE NORMAL PERIOD 1981 TO 2010
CLIMATE RECORD PERIOD 1911 TO 2020

WEATHER         OBSERVED          NORMAL  DEPART  LAST YEAR`S
                 VALUE   DATE(S)  VALUE   FROM    VALUE  DATE(S)
                                          NORMAL
................................................................
TEMPERATURE (F)
RECORD
 HIGH              84   03/27/1946
                        03/23/1939
 LOW              -22   03/10/1948
                        03/03/1916
HIGHEST            70   03/30        MM      MM       53  03/31
                                                          03/27
LOWEST              7   03/20        MM      MM      -20  03/02
AVG. MAXIMUM     47.8              42.6     5.2     32.5
AVG. MINIMUM     25.1              21.1     4.0     13.6
MEAN             36.5              31.9     4.6     23.0
DAYS MAX >= 90      0               0.0     0.0        0
DAYS MAX <= 32      1               6.5    -5.5       12
DAYS MIN <= 32     28              27.4     0.6       30
DAYS MIN <= 0       0               1.9    -1.9        6

PRECIPITATION (INCHES)
RECORD
 MAXIMUM         3.98   1966
 MINIMUM            T   1927
TOTALS           0.08              0.90   -0.82     1.04
DAYS >= .01         4                MM      MM        5
DAYS >= .10         0                MM      MM        5
DAYS >= .50         0                MM      MM        0
DAYS >= 1.00        0                MM      MM        0

SNOWFALL (INCHES)
RECORDS
 TOTAL           36.3   5
 SNOW DEPTH        MM   MM
TOTALS              T                MM      MM     18.1
SINCE 7/1        39.0                MM      MM     76.2
SNOWDEPTH AVG.      0                MM      MM       27
DAYS >= TRACE       6
DAYS >= 1.0         0
GREATEST
 SNOW DEPTH         1   03/01                         39  03/10

DEGREE_DAYS
HEATING TOTAL     876              1027    -151     1292
 SINCE 7/1       6762              7002    -240     7534
COOLING TOTAL       0                 0       0        0
 SINCE 1/1          0                 0       0        0

FREEZE DATES
RECORD
 EARLIEST     MM
 LATEST       MM
EARLIEST      03/01             MM
LATEST                          MM
.................................................................

WIND (MPH)
AVERAGE WIND SPEED              10.3
RESULTANT WIND SPEED/DIRECTION   1/109
HIGHEST WIND SPEED/DIRECTION    32/320    DATE  03/04
HIGHEST GUST SPEED/DIRECTION    45/300    DATE  03/05

SKY COVER
POSSIBLE SUNSHINE (PERCENT)   MM
AVERAGE SKY COVER           0.50
NUMBER OF DAYS FAIR           12
NUMBER OF DAYS PC             12
NUMBER OF DAYS CLOUDY          7

AVERAGE RH (PERCENT)     66

-  INDICATES NEGATIVE NUMBERS.
R  INDICATES RECORD WAS SET OR TIED.
MM INDICATES DATA IS MISSING.
T  INDICATES TRACE AMOUNT.

$$



USA.gov is the U.S. government's official web portal to all federal, state and local government web resources and services.
  • National Weather Service
  • WSO Pago Pago Weather Service Office
  • Pago Pago, AS
  • (684) 699-9130
  • Page Author: PPG Webmaster
  • Incorrect Region Format!
  • Web Master's E-mail:
  • Page last modified: Mar 10th, 2020 21:02 UTC